{"id":2278,"date":"2025-10-01T05:35:45","date_gmt":"2025-10-01T05:35:45","guid":{"rendered":"http:\/\/sp2.bedzin.pl\/?page_id=2278"},"modified":"2025-11-07T22:08:52","modified_gmt":"2025-11-07T22:08:52","slug":"podreczniki","status":"publish","type":"page","link":"https:\/\/sp2.bedzin.pl\/?page_id=2278","title":{"rendered":"Podr\u0119czniki"},"content":{"rendered":"<div style=\"text-align: center;\"><span class=\"fs16 ff1\" style=\"font-family: 'times new roman', times, serif; font-size: 18pt; color: #0000ff;\"><b>Wykaz podr\u0119cznik\u00f3w w roku szkolnym 2025\/2026<\/b><\/span><\/div>\n<div style=\"text-align: center;\"><span class=\"fs16 ff1\" style=\"font-family: 'times new roman', times, serif; font-size: 18pt; color: #0000ff;\"><b>w Szkole Podstawowej nr. 2 w B\u0119dzinie<\/b><\/span><\/div>\n<div style=\"text-align: center;\"><span class=\"fs16 ff1\" style=\"font-family: 'times new roman', times, serif; font-size: 18pt;\"><b>&nbsp;<\/b><\/span><\/div>\n<div style=\"text-align: center;\">\n<div><strong><span class=\"fs16 ff2\" style=\"font-family: 'times new roman', times, serif; font-size: 18pt;\">W klasach I-VIII uczniowie otrzymuj\u0105 darmowe podr\u0119czniki i materia\u0142y \u0107wiczeniowe<\/span><\/strong><\/div>\n<div><span class=\"fs16 ff2\" style=\"font-family: 'times new roman', times, serif; font-size: 18pt;\">(z wyj\u0105tkiem podr\u0119cznik\u00f3w i \u0107wicze\u0144 do religii).<\/span><\/div>\n<\/div>\n<div style=\"text-align: center;\">&nbsp;<\/div>\n<div style=\"text-align: center;\"><span class=\"fs16 cb1\" style=\"font-family: 'times new roman', times, serif; font-size: 18pt;\"><b><span class=\"cf1\">Klasa I<\/span><\/b><\/span><\/div>\n<div style=\"text-align: center;\"><span class=\"fs16 cb1\" style=\"font-family: 'times new roman', times, serif; font-size: 18pt;\"><b>&nbsp;<\/b><\/span><\/div>\n<div style=\"text-align: center;\"><span class=\"fs16\" style=\"font-family: 'times new roman', times, serif; font-size: 18pt; color: #3366ff;\"><a class=\"imCssLink\" style=\"color: #3366ff;\" href=\"http:\/\/archiwum.sp2.bedzin.pl\/files\/wykaz-podr-cznikow-1-SP.pdf\" target=\"_blank\" rel=\"noopener\">Podr\u0119czniki<\/a><\/span><\/div>\n<div style=\"text-align: center;\">&nbsp;<\/div>\n<div style=\"text-align: center;\"><span class=\"fs16 cb1\" style=\"font-family: 'times new roman', times, serif; font-size: 18pt;\"><b><span class=\"cf1\">Klasa II<\/span><\/b><\/span><\/div>\n<div style=\"text-align: center;\"><span class=\"fs16 cb1\" style=\"font-family: 'times new roman', times, serif; font-size: 18pt;\"><b>&nbsp;<\/b><\/span><\/div>\n<div style=\"text-align: center;\"><span class=\"fs16\" style=\"font-family: 'times new roman', times, serif; font-size: 18pt; color: #3366ff;\"><a class=\"imCssLink\" style=\"color: #3366ff;\" href=\"http:\/\/archiwum.sp2.bedzin.pl\/files\/wykaz-podr-cznikow-2-SP.pdf\" target=\"_blank\" rel=\"noopener\">Podr\u0119czniki<\/a><\/span><\/div>\n<div style=\"text-align: center;\">&nbsp;<\/div>\n<div style=\"text-align: center;\"><span class=\"fs16 cb1\" style=\"font-family: 'times new roman', times, serif; font-size: 18pt;\"><b><span class=\"cf1\">Klasa III<\/span><\/b><\/span><\/div>\n<div style=\"text-align: center;\"><span class=\"fs16 cb1\" style=\"font-family: 'times new roman', times, serif; font-size: 18pt;\"><b>&nbsp;<\/b><\/span><\/div>\n<div>\n<div style=\"text-align: center;\"><span class=\"fs16\" style=\"font-family: 'times new roman', times, serif; font-size: 18pt; color: #3366ff;\"><a class=\"imCssLink\" style=\"color: #3366ff;\" href=\"http:\/\/archiwum.sp2.bedzin.pl\/files\/wykaz-podr-cznikow-3-SP.pdf\" target=\"_blank\" rel=\"noopener\">Podr\u0119czniki<\/a><\/span><\/div>\n<div style=\"text-align: center;\">&nbsp;<\/div>\n<div style=\"text-align: center;\"><span class=\"fs16 cb1\" style=\"font-family: 'times new roman', times, serif; font-size: 18pt;\"><b><span class=\"cf2\">Klasa IV<\/span><\/b><\/span><\/div>\n<div style=\"text-align: center;\"><span class=\"fs16 cb1\" style=\"font-family: 'times new roman', times, serif; font-size: 18pt;\"><b>&nbsp;<\/b><\/span><\/div>\n<div style=\"text-align: center;\">\n<div><span class=\"fs16\" style=\"font-family: 'times new roman', times, serif; font-size: 18pt; color: #0000ff;\"><a class=\"imCssLink\" style=\"color: #0000ff;\" href=\"http:\/\/archiwum.sp2.bedzin.pl\/files\/wykaz-podr-cznikow-4-SP.pdf\" target=\"_blank\" rel=\"noopener\">Podr\u0119czniki<\/a><\/span><\/div>\n<div><span class=\"fs16\" style=\"font-family: 'times new roman', times, serif; font-size: 18pt; color: #0000ff;\"><a class=\"imCssLink\" style=\"color: #0000ff;\" href=\"http:\/\/archiwum.sp2.bedzin.pl\/files\/wykaz--wicze--4-SP.pdf\" target=\"_blank\" rel=\"noopener\">\u0106wiczenia<\/a><\/span><\/div>\n<div>&nbsp;<\/div>\n<div><span class=\"fs16 cb1\" style=\"font-family: 'times new roman', times, serif; font-size: 18pt;\"><b><span class=\"cf2\">Klasa V<\/span><\/b><\/span><\/div>\n<\/div>\n<div style=\"text-align: center;\"><span class=\"fs16 cb1\" style=\"font-family: 'times new roman', times, serif; font-size: 18pt;\"><b>&nbsp;<\/b><\/span><\/div>\n<div style=\"text-align: center;\">\n<div><span class=\"fs16\" style=\"font-family: 'times new roman', times, serif; font-size: 18pt; color: #0000ff;\"><a class=\"imCssLink\" style=\"color: #0000ff;\" href=\"http:\/\/archiwum.sp2.bedzin.pl\/files\/wykaz-podr-cznikow-5-SP.pdf\" target=\"_blank\" rel=\"noopener\">Podr\u0119czniki<\/a><\/span><\/div>\n<div>\n<div><span class=\"fs16\" style=\"font-family: 'times new roman', times, serif; font-size: 18pt; color: #0000ff;\"><a class=\"imCssLink\" style=\"color: #0000ff;\" href=\"http:\/\/archiwum.sp2.bedzin.pl\/files\/wykaz--wicze--5-SP.pdf\" target=\"_blank\" rel=\"noopener\">\u0106wiczenia<\/a><\/span><\/div>\n<\/div>\n<div>&nbsp;<\/div>\n<div><span class=\"fs16 cb1\" style=\"font-family: 'times new roman', times, serif; font-size: 18pt;\"><span class=\"cf2\"><b>Klasa VI<\/b><\/span><\/span><\/div>\n<\/div>\n<div style=\"text-align: center;\"><span class=\"fs16 cb1\" style=\"font-family: 'times new roman', times, serif; font-size: 18pt;\"><span class=\"cf2\"><b>&nbsp;<\/b><\/span><\/span><\/div>\n<div style=\"text-align: center;\">\n<div><span class=\"fs16\" style=\"font-family: 'times new roman', times, serif; font-size: 18pt;\"><a class=\"imCssLink\" href=\"http:\/\/archiwum.sp2.bedzin.pl\/files\/wykaz-podr-cznikow-6-SP.pdf\" target=\"_blank\" rel=\"noopener\"><span style=\"color: #0000ff;\">Podr\u0119czniki<\/span><\/a><\/span><\/div>\n<div>\n<div><span class=\"fs16\" style=\"font-family: 'times new roman', times, serif; font-size: 18pt; color: #0000ff;\"><a class=\"imCssLink\" style=\"color: #0000ff;\" href=\"http:\/\/archiwum.sp2.bedzin.pl\/files\/wykaz--wicze--6-SP.pdf\" target=\"_blank\" rel=\"noopener\">\u0106wiczenia<\/a><\/span><\/div>\n<\/div>\n<div>&nbsp;<\/div>\n<div><span class=\"fs16 cb1\" style=\"font-family: 'times new roman', times, serif; font-size: 18pt;\"><b><span class=\"cf2\">Klasa VII<\/span><\/b><\/span><\/div>\n<\/div>\n<div style=\"text-align: center;\"><span class=\"fs16 cb1\" style=\"font-family: 'times new roman', times, serif; font-size: 18pt;\"><b>&nbsp;<\/b><\/span><\/div>\n<div style=\"text-align: center;\">\n<div><span class=\"fs16\" style=\"font-family: 'times new roman', times, serif; font-size: 18pt; color: #0000ff;\"><a class=\"imCssLink\" style=\"color: #0000ff;\" href=\"http:\/\/archiwum.sp2.bedzin.pl\/files\/wykaz-podr-cznikow-7-SP.pdf\" target=\"_blank\" rel=\"noopener\">Podr\u0119czniki<\/a><\/span><\/div>\n<div>\n<div><span class=\"fs16\" style=\"font-family: 'times new roman', times, serif; font-size: 18pt; color: #0000ff;\"><a class=\"imCssLink\" style=\"color: #0000ff;\" href=\"http:\/\/archiwum.sp2.bedzin.pl\/files\/wykaz--wicze--7-SP.pdf\" target=\"_blank\" rel=\"noopener\">\u0106wiczenia<\/a><\/span><\/div>\n<\/div>\n<div>&nbsp;<\/div>\n<div><span class=\"fs16 cb1\" style=\"font-family: 'times new roman', times, serif; font-size: 18pt;\"><b><span class=\"cf2\">Klasa VIII<\/span><\/b><\/span><\/div>\n<\/div>\n<div style=\"text-align: center;\"><span class=\"fs16 cb1\" style=\"font-family: 'times new roman', times, serif; font-size: 18pt;\"><b>&nbsp;<\/b><\/span><\/div>\n<div>\n<div style=\"text-align: center;\"><span class=\"fs16\" style=\"font-family: 'times new roman', times, serif; font-size: 18pt; color: #0000ff;\"><a class=\"imCssLink\" style=\"color: #0000ff;\" href=\"http:\/\/archiwum.sp2.bedzin.pl\/files\/wykaz-podr-cznikow-8-SP.pdf\" target=\"_blank\" rel=\"noopener\">Podr\u0119czniki<\/a><\/span><\/div>\n<div style=\"text-align: center;\"><span class=\"fs16\" style=\"font-family: 'times new roman', times, serif; font-size: 18pt; color: #0000ff;\"><a class=\"imCssLink\" style=\"color: #0000ff;\" href=\"http:\/\/archiwum.sp2.bedzin.pl\/files\/wykaz--wicze--8-SP.pdf\" target=\"_blank\" rel=\"noopener\">\u0106wiczenia<\/a><\/span><\/div>\n<\/div>\n<\/div>\n","protected":false},"excerpt":{"rendered":"<p>Wykaz podr\u0119cznik\u00f3w w roku szkolnym 2025\/2026 w Szkole Podstawowej nr. 2 w B\u0119dzinie &nbsp; W klasach I-VIII uczniowie otrzymuj\u0105 darmowe podr\u0119czniki i materia\u0142y \u0107wiczeniowe (z wyj\u0105tkiem podr\u0119cznik\u00f3w i \u0107wicze\u0144 do religii). &nbsp; Klasa I &nbsp; Podr\u0119czniki &nbsp; Klasa II &nbsp; Podr\u0119czniki &nbsp; Klasa III &nbsp; Podr\u0119czniki &nbsp; Klasa IV &nbsp; [&hellip;]<\/p>\n","protected":false},"author":1,"featured_media":0,"parent":0,"menu_order":0,"comment_status":"closed","ping_status":"closed","template":"","meta":{"ngg_post_thumbnail":0,"footnotes":""},"class_list":["post-2278","page","type-page","status-publish","hentry"],"_links":{"self":[{"href":"https:\/\/sp2.bedzin.pl\/index.php?rest_route=\/wp\/v2\/pages\/2278","targetHints":{"allow":["GET"]}}],"collection":[{"href":"https:\/\/sp2.bedzin.pl\/index.php?rest_route=\/wp\/v2\/pages"}],"about":[{"href":"https:\/\/sp2.bedzin.pl\/index.php?rest_route=\/wp\/v2\/types\/page"}],"author":[{"embeddable":true,"href":"https:\/\/sp2.bedzin.pl\/index.php?rest_route=\/wp\/v2\/users\/1"}],"replies":[{"embeddable":true,"href":"https:\/\/sp2.bedzin.pl\/index.php?rest_route=%2Fwp%2Fv2%2Fcomments&post=2278"}],"version-history":[{"count":6,"href":"https:\/\/sp2.bedzin.pl\/index.php?rest_route=\/wp\/v2\/pages\/2278\/revisions"}],"predecessor-version":[{"id":2486,"href":"https:\/\/sp2.bedzin.pl\/index.php?rest_route=\/wp\/v2\/pages\/2278\/revisions\/2486"}],"wp:attachment":[{"href":"https:\/\/sp2.bedzin.pl\/index.php?rest_route=%2Fwp%2Fv2%2Fmedia&parent=2278"}],"curies":[{"name":"wp","href":"https:\/\/api.w.org\/{rel}","templated":true}]}}