{"id":2284,"date":"2025-10-01T05:36:33","date_gmt":"2025-10-01T05:36:33","guid":{"rendered":"http:\/\/sp2.bedzin.pl\/?page_id=2284"},"modified":"2025-12-31T11:56:24","modified_gmt":"2025-12-31T11:56:24","slug":"dokumenty","status":"publish","type":"page","link":"https:\/\/sp2.bedzin.pl\/?page_id=2284","title":{"rendered":"Dokumenty"},"content":{"rendered":"<div style=\"text-align: center;\"><span style=\"color: #0000ff; font-size: 12pt;\"><strong><a style=\"color: #0000ff;\" href=\"https:\/\/sp2.bedzin.pl\/wp-content\/uploads\/2025\/12\/SP2-Statut-Szkoly-Podstawowej-nr-2-im.-Krola-Kazimierza-Wielkiego-w-Bedzinie-rok-szkolny-2025_2026-18.11.2025r.pdf\">Statut Szko\u0142y Podstawowej nr 2 im. Kr\u00f3la Kazimierza Wielkiego w B\u0119dzinie rok szkolny 2025_2026&nbsp; &nbsp; z 18.11.2025r.&nbsp; &nbsp;obowi\u0105zuj\u0105cy od&nbsp; &nbsp;01.01.2026r.<\/a><\/strong><\/span><\/div>\n<div style=\"text-align: center;\"><span style=\"color: #0000ff;\"><strong><span style=\"font-family: 'times new roman', times, serif; font-size: 18pt;\"><a style=\"color: #0000ff;\" href=\"https:\/\/sp2.bedzin.pl\/wp-content\/uploads\/2025\/11\/Statut-Szkoly-Podstawowej-nr-2-im.-Krola-Kazimierza-Wielkiego-w-Bedzinie-rok-szkolny-2025_2026.pdf\"><span style=\"font-size: 12pt;\">Statut Szko\u0142y Podstawowej nr 2 im. Kr\u00f3la Kazimierza Wielkiego w B\u0119dzinie rok szkolny 2025_2026&nbsp; &nbsp;z 29.08.2025r.&nbsp; &nbsp; obowi\u0105zuj\u0105cy od&nbsp; &nbsp; 01.09.2025r.<\/span><\/a><\/span><\/strong><\/span><\/div>\n<div style=\"text-align: center;\"><strong>&nbsp;<\/strong><\/div>\n<div style=\"text-align: center;\">&nbsp;<\/div>\n<div style=\"text-align: center;\"><strong><span style=\"color: #339966; font-size: 18pt;\"><span style=\"font-family: 'times new roman', times, serif;\"><a style=\"color: #339966;\" href=\"https:\/\/sp2.bedzin.pl\/wp-content\/uploads\/2025\/11\/Program-wychowawczo-profilaktyczny-rok-szkolny-2025_2026.pdf\">Program wychowawczo &#8211; profilaktyczny rok szkolny 2025_2026<\/a><\/span><\/span><\/strong><\/div>\n<div style=\"text-align: center;\">&nbsp;<\/div>\n<div style=\"text-align: center;\">&nbsp;<\/div>\n<div style=\"text-align: center;\">\n<div>\n<div><strong><span class=\"fs14\" style=\"font-family: 'times new roman', times, serif; font-size: 18pt; color: #ff00ff;\"><a style=\"color: #ff00ff;\" href=\"https:\/\/sp2.bedzin.pl\/wp-content\/uploads\/2025\/11\/System-oceniania-zachowania-w-klasach-I-III-rok-szkolny-2025_2026.pdf\">System oceniania zachowania w klasach I-III rok szkolny 2025_2026<\/a><\/span><\/strong><\/div>\n<\/div>\n<div><strong><span class=\"fs14\" style=\"font-family: 'times new roman', times, serif; font-size: 18pt; color: #ff00ff;\"><a style=\"color: #ff00ff;\" href=\"https:\/\/sp2.bedzin.pl\/wp-content\/uploads\/2025\/11\/Punktowy-system-oceny-zachowania-w-klasach-IV-VIII-rok-szkolny-2025_2026.pdf\">Punktowy system oceny zachowania w klasach IV-VIII rok szkolny 2025_2026<\/a><\/span><\/strong><\/div>\n<div><strong><span style=\"font-family: 'times new roman', times, serif; font-size: 18pt; color: #ff00ff;\"><a style=\"color: #ff00ff;\" href=\"https:\/\/sp2.bedzin.pl\/wp-content\/uploads\/2025\/11\/Karta-samooceny-ucznia-klasy-4-8-rok-szkolny-2025_2026.pdf\">Karta samooceny ucznia klasy 4-8 rok szkolny 2025_2026<\/a><\/span><\/strong><\/div>\n<div>&nbsp;<\/div>\n<\/div>\n<div>&nbsp;<\/div>\n<div style=\"text-align: center;\"><strong><span class=\"fs14\" style=\"font-family: 'times new roman', times, serif; font-size: 18pt; color: #0000ff;\"><a class=\"imCssLink\" style=\"color: #0000ff;\" href=\"http:\/\/archiwum.sp2.bedzin.pl\/files\/SP2--Standardy-ochrony-ma-oletnich..pdf\" target=\"_blank\" rel=\"noopener\">STANDARDY OCHRONY MA\u0141OLETNICH<\/a><\/span><\/strong><\/div>\n<div>&nbsp;<\/div>\n<div style=\"text-align: center;\">&nbsp;<\/div>\n<div style=\"text-align: center;\"><span class=\"fs14\"><strong><span style=\"font-family: 'times new roman', times, serif; font-size: 18pt; color: #0000ff;\"><a class=\"imCssLink\" style=\"color: #0000ff;\" href=\"http:\/\/archiwum.sp2.bedzin.pl\/files\/dokumenty-szko-y-procedura-przebywania-os-b-postronnych-w-budynku-sz_201910281328.pdf\" target=\"_blank\" rel=\"noopener\">PROCEDURA PRZEBYWANIA OS\u00d3B POSTRONNYCH W BUDYNKU SZKO\u0141Y<\/a><\/span><\/strong><br \/>\n<\/span><\/div>\n<div>&nbsp;<\/div>\n<div style=\"text-align: center;\"><strong><span style=\"font-family: 'times new roman', times, serif; font-size: 18pt; color: #ff0000;\"><a style=\"color: #ff0000;\" href=\"https:\/\/sp2.bedzin.pl\/wp-content\/uploads\/2025\/11\/Kalendarz-roku-szkolnego-2025_2026-uczniowie_rodzice.pdf\">Kalendarz roku szkolnego 2025_2026 uczniowie_rodzice<\/a><\/span><\/strong><\/div>\n<div style=\"text-align: center;\">&nbsp;<\/div>\n<div style=\"text-align: center;\">&nbsp;<\/div>\n","protected":false},"excerpt":{"rendered":"<p>Statut Szko\u0142y Podstawowej nr 2 im. Kr\u00f3la Kazimierza Wielkiego w B\u0119dzinie rok szkolny 2025_2026&nbsp; &nbsp; z 18.11.2025r.&nbsp; &nbsp;obowi\u0105zuj\u0105cy od&nbsp; &nbsp;01.01.2026r. Statut Szko\u0142y Podstawowej nr 2 im. Kr\u00f3la Kazimierza Wielkiego w B\u0119dzinie rok szkolny 2025_2026&nbsp; &nbsp;z 29.08.2025r.&nbsp; &nbsp; obowi\u0105zuj\u0105cy od&nbsp; &nbsp; 01.09.2025r. &nbsp; &nbsp; Program wychowawczo &#8211; profilaktyczny rok szkolny 2025_2026 [&hellip;]<\/p>\n","protected":false},"author":1,"featured_media":0,"parent":0,"menu_order":0,"comment_status":"closed","ping_status":"closed","template":"","meta":{"ngg_post_thumbnail":0,"footnotes":""},"class_list":["post-2284","page","type-page","status-publish","hentry"],"_links":{"self":[{"href":"https:\/\/sp2.bedzin.pl\/index.php?rest_route=\/wp\/v2\/pages\/2284","targetHints":{"allow":["GET"]}}],"collection":[{"href":"https:\/\/sp2.bedzin.pl\/index.php?rest_route=\/wp\/v2\/pages"}],"about":[{"href":"https:\/\/sp2.bedzin.pl\/index.php?rest_route=\/wp\/v2\/types\/page"}],"author":[{"embeddable":true,"href":"https:\/\/sp2.bedzin.pl\/index.php?rest_route=\/wp\/v2\/users\/1"}],"replies":[{"embeddable":true,"href":"https:\/\/sp2.bedzin.pl\/index.php?rest_route=%2Fwp%2Fv2%2Fcomments&post=2284"}],"version-history":[{"count":18,"href":"https:\/\/sp2.bedzin.pl\/index.php?rest_route=\/wp\/v2\/pages\/2284\/revisions"}],"predecessor-version":[{"id":2703,"href":"https:\/\/sp2.bedzin.pl\/index.php?rest_route=\/wp\/v2\/pages\/2284\/revisions\/2703"}],"wp:attachment":[{"href":"https:\/\/sp2.bedzin.pl\/index.php?rest_route=%2Fwp%2Fv2%2Fmedia&parent=2284"}],"curies":[{"name":"wp","href":"https:\/\/api.w.org\/{rel}","templated":true}]}}

<div style="text-align: center;"><span style="color: #0000ff; font-size: 12pt;"><strong><a style="color: #0000ff;" href="https://sp2.bedzin.pl/wp-content/uploads/2025/12/SP2-Statut-Szkoly-Podstawowej-nr-2-im.-Krola-Kazimierza-Wielkiego-w-Bedzinie-rok-szkolny-2025_2026-18.11.2025r.pdf">Statut Szkoły Podstawowej nr 2 im. Króla Kazimierza Wielkiego w Będzinie rok szkolny 2025_2026&nbsp; &nbsp; z 18.11.2025r.&nbsp; &nbsp;obowiązujący od&nbsp; &nbsp;01.01.2026r.</a></strong></span></div>
<div style="text-align: center;"><span style="color: #0000ff;"><strong><span style="font-family: 'times new roman', times, serif; font-size: 18pt;"><a style="color: #0000ff;" href="https://sp2.bedzin.pl/wp-content/uploads/2025/11/Statut-Szkoly-Podstawowej-nr-2-im.-Krola-Kazimierza-Wielkiego-w-Bedzinie-rok-szkolny-2025_2026.pdf"><span style="font-size: 12pt;">Statut Szkoły Podstawowej nr 2 im. Króla Kazimierza Wielkiego w Będzinie rok szkolny 2025_2026&nbsp; &nbsp;z 29.08.2025r.&nbsp; &nbsp; obowiązujący od&nbsp; &nbsp; 01.09.2025r.</span></a></span></strong></span></div>
<div style="text-align: center;"><strong>&nbsp;</strong></div>
<div style="text-align: center;">&nbsp;</div>
<div style="text-align: center;"><strong><span style="color: #339966; font-size: 18pt;"><span style="font-family: 'times new roman', times, serif;"><a style="color: #339966;" href="https://sp2.bedzin.pl/wp-content/uploads/2025/11/Program-wychowawczo-profilaktyczny-rok-szkolny-2025_2026.pdf">Program wychowawczo &#8211; profilaktyczny rok szkolny 2025_2026</a></span></span></strong></div>
<div style="text-align: center;">&nbsp;</div>
<div style="text-align: center;">&nbsp;</div>
<div style="text-align: center;">
<div>
<div><strong><span class="fs14" style="font-family: 'times new roman', times, serif; font-size: 18pt; color: #ff00ff;"><a style="color: #ff00ff;" href="https://sp2.bedzin.pl/wp-content/uploads/2025/11/System-oceniania-zachowania-w-klasach-I-III-rok-szkolny-2025_2026.pdf">System oceniania zachowania w klasach I-III rok szkolny 2025_2026</a></span></strong></div>
</div>
<div><strong><span class="fs14" style="font-family: 'times new roman', times, serif; font-size: 18pt; color: #ff00ff;"><a style="color: #ff00ff;" href="https://sp2.bedzin.pl/wp-content/uploads/2025/11/Punktowy-system-oceny-zachowania-w-klasach-IV-VIII-rok-szkolny-2025_2026.pdf">Punktowy system oceny zachowania w klasach IV-VIII rok szkolny 2025_2026</a></span></strong></div>
<div><strong><span style="font-family: 'times new roman', times, serif; font-size: 18pt; color: #ff00ff;"><a style="color: #ff00ff;" href="https://sp2.bedzin.pl/wp-content/uploads/2025/11/Karta-samooceny-ucznia-klasy-4-8-rok-szkolny-2025_2026.pdf">Karta samooceny ucznia klasy 4-8 rok szkolny 2025_2026</a></span></strong></div>
<div>&nbsp;</div>
</div>
<div>&nbsp;</div>
<div style="text-align: center;"><strong><span class="fs14" style="font-family: 'times new roman', times, serif; font-size: 18pt; color: #0000ff;"><a class="imCssLink" style="color: #0000ff;" href="http://archiwum.sp2.bedzin.pl/files/SP2--Standardy-ochrony-ma-oletnich..pdf" target="_blank" rel="noopener">STANDARDY OCHRONY MAŁOLETNICH</a></span></strong></div>
<div>&nbsp;</div>
<div style="text-align: center;">&nbsp;</div>
<div style="text-align: center;"><span class="fs14"><strong><span style="font-family: 'times new roman', times, serif; font-size: 18pt; color: #0000ff;"><a class="imCssLink" style="color: #0000ff;" href="http://archiwum.sp2.bedzin.pl/files/dokumenty-szko-y-procedura-przebywania-os-b-postronnych-w-budynku-sz_201910281328.pdf" target="_blank" rel="noopener">PROCEDURA PRZEBYWANIA OSÓB POSTRONNYCH W BUDYNKU SZKOŁY</a></span></strong><br />
</span></div>
<div>&nbsp;</div>
<div style="text-align: center;"><strong><span style="font-family: 'times new roman', times, serif; font-size: 18pt; color: #ff0000;"><a style="color: #ff0000;" href="https://sp2.bedzin.pl/wp-content/uploads/2025/11/Kalendarz-roku-szkolnego-2025_2026-uczniowie_rodzice.pdf">Kalendarz roku szkolnego 2025_2026 uczniowie_rodzice</a></span></strong></div>
<div style="text-align: center;">&nbsp;</div>
<div style="text-align: center;">&nbsp;</div>

<p>Statut Szkoły Podstawowej nr 2 im. Króla Kazimierza Wielkiego w Będzinie rok szkolny 2025_2026&nbsp; &nbsp; z 18.11.2025r.&nbsp; &nbsp;obowiązujący od&nbsp; &nbsp;01.01.2026r. Statut Szkoły Podstawowej nr 2 im. Króla Kazimierza Wielkiego w Będzinie rok szkolny 2025_2026&nbsp; &nbsp;z 29.08.2025r.&nbsp; &nbsp; obowiązujący od&nbsp; &nbsp; 01.09.2025r. &nbsp; &nbsp; Program wychowawczo &#8211; profilaktyczny rok szkolny 2025_2026 [&hellip;]</p>
