{"id":2292,"date":"2025-10-01T05:37:26","date_gmt":"2025-10-01T05:37:26","guid":{"rendered":"http:\/\/sp2.bedzin.pl\/?page_id=2292"},"modified":"2025-11-07T20:38:36","modified_gmt":"2025-11-07T20:38:36","slug":"dla-rodzicow","status":"publish","type":"page","link":"https:\/\/sp2.bedzin.pl\/?page_id=2292","title":{"rendered":"Rada Rodzic\u00f3w"},"content":{"rendered":"<div id=\"imPageRow_1\" class=\"imPageRow\">\n<div id=\"imPageRowContent_1\" class=\"imContentDataContainer\">\n<div id=\"imCell_643\" class=\"\">\n<div id=\"imCellStyle_643\">\n<div id=\"imTextObject_3_643\">\n<div id=\"imTextObject_3_643_tab0\" class=\"text-tab-content\">\n<div class=\"text-inner\">\n<div style=\"text-align: center;\"><span style=\"font-size: 18pt;\"><strong style=\"font-family: 'times new roman', times, serif;\"><span style=\"color: #3366ff;\">Rada Rodzic\u00f3w w roku szkolnym 2025\/2026:<\/span><\/strong><\/span><\/div>\n<div>&nbsp;<\/div>\n<\/div>\n<\/div>\n<\/div>\n<\/div>\n<\/div>\n<\/div>\n<\/div>\n<div id=\"imPageRow_2\" class=\"imPageRow\" style=\"text-align: center;\">\n<div id=\"imPageRowContent_2\" class=\"imContentDataContainer\">\n<div id=\"imCell_498\" class=\"\">\n<div id=\"imCellStyleGraphics_498\">\n<p><span style=\"font-family: 'times new roman', times, serif; font-size: 14pt;\">1. Przewodnicz\u0105ca Rady Rodzic\u00f3w &#8211;<strong> Pani Daria Paterek<\/strong><\/span><br \/>\n<span style=\"font-family: 'times new roman', times, serif; font-size: 14pt;\">2. Zast\u0119pca Rady Rodzic\u00f3w &#8211; <strong>Pan S\u0142awomir Dudzi\u0144ski<\/strong><\/span><br \/>\n<span style=\"font-family: 'times new roman', times, serif; font-size: 14pt;\">3. Sekretarz Rady Rodzic\u00f3w &#8211; <strong>Pani Ma\u0142gorzata Zawadzka<\/strong><\/span><br \/>\n<span style=\"font-family: 'times new roman', times, serif; font-size: 14pt;\">4. Skarbnik Rady Rodzic\u00f3w &#8211; <strong>Pani Anna Ferdyn<\/strong><\/span><br \/>\n<span style=\"font-family: 'times new roman', times, serif; font-size: 14pt;\">5. Cz\u0142onek Komisji Rady Rodzic\u00f3w &#8211; <strong>Pani Justyna Jaworska<\/strong><\/span><br \/>\n<span style=\"font-family: 'times new roman', times, serif; font-size: 14pt;\">6. Cz\u0142onek Komisji Rady Rodzic\u00f3w &#8211; <strong>Pani Olga Staszewska<\/strong><\/span><br \/>\n<span style=\"font-family: 'times new roman', times, serif; font-size: 14pt;\">7. Cz\u0142onek Komisji Rady Rodzic\u00f3w &#8211; <strong>Pani Martyna Grochowalska<\/strong><\/span><\/p>\n<p>&nbsp;<\/p>\n<\/div>\n<div id=\"imCellStyle_498\">\n<div id=\"imTextObject_3_498\">\n<div id=\"imTextObject_3_498_tab0\" class=\"text-tab-content\">\n<div class=\"text-inner\">\n<div>\n<p><span style=\"color: #3366ff; font-size: 18pt;\"><strong><span style=\"font-family: 'times new roman', times, serif;\">Numer rachunku bankowego Rady Rodzic\u00f3w<\/span><\/strong><\/span><\/p>\n<p><span style=\"font-size: 18pt;\"><strong><span style=\"font-family: 'times new roman', times, serif;\">VeloBank S.A. nr 95 1560 0013 2004 3627 9000 0001<\/span><\/strong><\/span><\/p>\n<p><span style=\"font-family: 'times new roman', times, serif; font-size: 14pt;\">Tytu\u0142: Imi\u0119 i nazwisko dziecka \u2013 klasa \u2013 szko\u0142a<\/span><\/p>\n<p><span style=\"font-family: 'times new roman', times, serif; font-size: 14pt;\">Przyk\u0142ad: Jan Kowalski &#8211; klasa II c &#8211; SP2<\/span><\/p>\n<\/div>\n<\/div>\n<div>&nbsp;<\/div>\n<\/div>\n<\/div>\n<\/div>\n<\/div>\n<\/div>\n<\/div>\n","protected":false},"excerpt":{"rendered":"<p>Rada Rodzic\u00f3w w roku szkolnym 2025\/2026: &nbsp; 1. Przewodnicz\u0105ca Rady Rodzic\u00f3w &#8211; Pani Daria Paterek 2. Zast\u0119pca Rady Rodzic\u00f3w &#8211; Pan S\u0142awomir Dudzi\u0144ski 3. Sekretarz Rady Rodzic\u00f3w &#8211; Pani Ma\u0142gorzata Zawadzka 4. Skarbnik Rady Rodzic\u00f3w &#8211; Pani Anna Ferdyn 5. Cz\u0142onek Komisji Rady Rodzic\u00f3w &#8211; Pani Justyna Jaworska 6. Cz\u0142onek [&hellip;]<\/p>\n","protected":false},"author":1,"featured_media":0,"parent":0,"menu_order":0,"comment_status":"closed","ping_status":"closed","template":"","meta":{"ngg_post_thumbnail":0,"footnotes":""},"class_list":["post-2292","page","type-page","status-publish","hentry"],"_links":{"self":[{"href":"https:\/\/sp2.bedzin.pl\/index.php?rest_route=\/wp\/v2\/pages\/2292","targetHints":{"allow":["GET"]}}],"collection":[{"href":"https:\/\/sp2.bedzin.pl\/index.php?rest_route=\/wp\/v2\/pages"}],"about":[{"href":"https:\/\/sp2.bedzin.pl\/index.php?rest_route=\/wp\/v2\/types\/page"}],"author":[{"embeddable":true,"href":"https:\/\/sp2.bedzin.pl\/index.php?rest_route=\/wp\/v2\/users\/1"}],"replies":[{"embeddable":true,"href":"https:\/\/sp2.bedzin.pl\/index.php?rest_route=%2Fwp%2Fv2%2Fcomments&post=2292"}],"version-history":[{"count":5,"href":"https:\/\/sp2.bedzin.pl\/index.php?rest_route=\/wp\/v2\/pages\/2292\/revisions"}],"predecessor-version":[{"id":2442,"href":"https:\/\/sp2.bedzin.pl\/index.php?rest_route=\/wp\/v2\/pages\/2292\/revisions\/2442"}],"wp:attachment":[{"href":"https:\/\/sp2.bedzin.pl\/index.php?rest_route=%2Fwp%2Fv2%2Fmedia&parent=2292"}],"curies":[{"name":"wp","href":"https:\/\/api.w.org\/{rel}","templated":true}]}}

Rada Rodziców

<div id="imPageRow_1" class="imPageRow">
<div id="imPageRowContent_1" class="imContentDataContainer">
<div id="imCell_643" class="">
<div id="imCellStyle_643">
<div id="imTextObject_3_643">
<div id="imTextObject_3_643_tab0" class="text-tab-content">
<div class="text-inner">
<div style="text-align: center;"><span style="font-size: 18pt;"><strong style="font-family: 'times new roman', times, serif;"><span style="color: #3366ff;">Rada Rodziców w roku szkolnym 2025/2026:</span></strong></span></div>
<div>&nbsp;</div>
</div>
</div>
</div>
</div>
</div>
</div>
</div>
<div id="imPageRow_2" class="imPageRow" style="text-align: center;">
<div id="imPageRowContent_2" class="imContentDataContainer">
<div id="imCell_498" class="">
<div id="imCellStyleGraphics_498">
<p><span style="font-family: 'times new roman', times, serif; font-size: 14pt;">1. Przewodnicząca Rady Rodziców &#8211;<strong> Pani Daria Paterek</strong></span><br />
<span style="font-family: 'times new roman', times, serif; font-size: 14pt;">2. Zastępca Rady Rodziców &#8211; <strong>Pan Sławomir Dudziński</strong></span><br />
<span style="font-family: 'times new roman', times, serif; font-size: 14pt;">3. Sekretarz Rady Rodziców &#8211; <strong>Pani Małgorzata Zawadzka</strong></span><br />
<span style="font-family: 'times new roman', times, serif; font-size: 14pt;">4. Skarbnik Rady Rodziców &#8211; <strong>Pani Anna Ferdyn</strong></span><br />
<span style="font-family: 'times new roman', times, serif; font-size: 14pt;">5. Członek Komisji Rady Rodziców &#8211; <strong>Pani Justyna Jaworska</strong></span><br />
<span style="font-family: 'times new roman', times, serif; font-size: 14pt;">6. Członek Komisji Rady Rodziców &#8211; <strong>Pani Olga Staszewska</strong></span><br />
<span style="font-family: 'times new roman', times, serif; font-size: 14pt;">7. Członek Komisji Rady Rodziców &#8211; <strong>Pani Martyna Grochowalska</strong></span></p>
<p>&nbsp;</p>
</div>
<div id="imCellStyle_498">
<div id="imTextObject_3_498">
<div id="imTextObject_3_498_tab0" class="text-tab-content">
<div class="text-inner">
<div>
<p><span style="color: #3366ff; font-size: 18pt;"><strong><span style="font-family: 'times new roman', times, serif;">Numer rachunku bankowego Rady Rodziców</span></strong></span></p>
<p><span style="font-size: 18pt;"><strong><span style="font-family: 'times new roman', times, serif;">VeloBank S.A. nr 95 1560 0013 2004 3627 9000 0001</span></strong></span></p>
<p><span style="font-family: 'times new roman', times, serif; font-size: 14pt;">Tytuł: Imię i nazwisko dziecka – klasa – szkoła</span></p>
<p><span style="font-family: 'times new roman', times, serif; font-size: 14pt;">Przykład: Jan Kowalski &#8211; klasa II c &#8211; SP2</span></p>
</div>
</div>
<div>&nbsp;</div>
</div>
</div>
</div>
</div>
</div>
</div>

<p>Rada Rodziców w roku szkolnym 2025/2026: &nbsp; 1. Przewodnicząca Rady Rodziców &#8211; Pani Daria Paterek 2. Zastępca Rady Rodziców &#8211; Pan Sławomir Dudziński 3. Sekretarz Rady Rodziców &#8211; Pani Małgorzata Zawadzka 4. Skarbnik Rady Rodziców &#8211; Pani Anna Ferdyn 5. Członek Komisji Rady Rodziców &#8211; Pani Justyna Jaworska 6. Członek [&hellip;]</p>
