{"id":2337,"date":"2025-10-10T12:03:09","date_gmt":"2025-10-10T12:03:09","guid":{"rendered":"http:\/\/sp2.bedzin.pl\/?page_id=2337"},"modified":"2026-01-16T12:18:30","modified_gmt":"2026-01-16T12:18:30","slug":"eduakcja","status":"publish","type":"page","link":"https:\/\/sp2.bedzin.pl\/?page_id=2337","title":{"rendered":"EduAkcja"},"content":{"rendered":"<p><span style=\"font-family: 'times new roman', times, serif; font-size: 14pt; color: #0000ff;\"><a style=\"color: #0000ff;\" href=\"https:\/\/sp2.bedzin.pl\/wp-content\/uploads\/2025\/10\/DOSTEPNOSC.docx\">DOST\u0118PNO\u015a\u0106<\/a><\/span><\/p>\n<p><span style=\"font-family: 'times new roman', times, serif; font-size: 14pt; color: #0000ff;\"><a style=\"color: #0000ff;\" href=\"https:\/\/sp2.bedzin.pl\/wp-content\/uploads\/2025\/10\/Info-na-strone.odt\">Info na stron\u0119<\/a><\/span><\/p>\n<p><span style=\"font-family: 'times new roman', times, serif; font-size: 14pt; color: #0000ff;\"><a style=\"color: #0000ff;\" href=\"https:\/\/sp2.bedzin.pl\/wp-content\/uploads\/2025\/10\/Regulamin-rekrutacji-i-uczestnictwa-w-projekcie.pdf\">Regulamin rekrutacji i uczestnictwa w projekcie<\/a><\/span><\/p>\n<p><span style=\"font-family: 'times new roman', times, serif; font-size: 14pt; color: #0000ff;\"><a style=\"color: #0000ff;\" href=\"https:\/\/sp2.bedzin.pl\/wp-content\/uploads\/2025\/10\/str.-2-index-na-str.www_.pdf\">Index 2<\/a><\/span><\/p>\n<p><span style=\"font-family: 'times new roman', times, serif; font-size: 14pt; color: #0000ff;\"><a style=\"color: #0000ff;\" href=\"https:\/\/sp2.bedzin.pl\/wp-content\/uploads\/2025\/10\/str.1-index-na-str.www_.pdf\">Index 1<\/a><\/span><\/p>\n<p><span style=\"font-family: 'times new roman', times, serif; font-size: 14pt; color: #0000ff;\"><a style=\"color: #0000ff;\" href=\"https:\/\/sp2.bedzin.pl\/wp-content\/uploads\/2025\/10\/wykaz-form-wsparcia-nauczyciele-1.docx\">Wykaz form wsparcia &#8211; nauczyciele<\/a><\/span><\/p>\n<p><span style=\"font-family: 'times new roman', times, serif; font-size: 14pt; color: #0000ff;\"><a style=\"color: #0000ff;\" href=\"https:\/\/sp2.bedzin.pl\/wp-content\/uploads\/2025\/10\/wykaz-form-wsparcia-uczniowie-EduAkcja.docx\">Wykaz form wsparcia<\/a><\/span><\/p>\n<p><span style=\"font-family: 'times new roman', times, serif; font-size: 14pt; color: #0000ff;\"><a style=\"color: #0000ff;\" href=\"https:\/\/sp2.bedzin.pl\/wp-content\/uploads\/2025\/10\/Zal.-1-Formularz-zgloszeniowy-uczniow.pdf\">Za\u0142. 1 &#8211; Formularz zg\u0142oszeniowy-uczni\u00f3w<\/a><\/span><\/p>\n<p><span style=\"font-family: 'times new roman', times, serif; font-size: 14pt; color: #0000ff;\"><a style=\"color: #0000ff;\" href=\"https:\/\/sp2.bedzin.pl\/wp-content\/uploads\/2025\/10\/Zal.-2-Formularz-zgloszeniowy-nauczycieli.pdf\">Za\u0142. 2 &#8211; Formularz zg\u0142oszeniowy-nauczycieli<\/a><\/span><\/p>\n<p><span style=\"font-family: 'times new roman', times, serif; font-size: 14pt; color: #0000ff;\"><a style=\"color: #0000ff;\" href=\"https:\/\/sp2.bedzin.pl\/wp-content\/uploads\/2025\/10\/Zal.-3-Klauzula-wyrazenia-zgody-uczniowie-nauczyciele.pdf\">Za\u0142. 3 &#8211; Klauzula wyra\u017cenia zgody (uczniowie, nauczyciele)<\/a><\/span><\/p>\n<p><span style=\"font-family: 'times new roman', times, serif; font-size: 14pt; color: #0000ff;\"><a style=\"color: #0000ff;\" href=\"https:\/\/sp2.bedzin.pl\/wp-content\/uploads\/2025\/10\/Zal.-4-Deklaracja-uczestnictwa-uczniow.pdf\">Za\u0142. 4 &#8211; Deklaracja uczestnictwa &#8211; uczni\u00f3w<\/a><\/span><\/p>\n<p><span style=\"font-family: 'times new roman', times, serif; font-size: 14pt; color: #0000ff;\"><a style=\"color: #0000ff;\" href=\"https:\/\/sp2.bedzin.pl\/wp-content\/uploads\/2025\/10\/Zal.-5-Deklaracja-uczestnictwa-nauczycieli.pdf\">Za\u0142. 5 &#8211; Deklaracja uczestnictwa &#8211; nauczycieli<\/a><\/span><\/p>\n<p><span style=\"font-family: 'times new roman', times, serif; font-size: 14pt; color: #0000ff;\"><a style=\"color: #0000ff;\" href=\"https:\/\/sp2.bedzin.pl\/wp-content\/uploads\/2025\/10\/Zal.-6-Klauzula-informacyjna-uczniowie-nauczyciele.pdf\">Za\u0142. 6 &#8211; Klauzula informacyjna (uczniowie, nauczyciele)<\/a><\/span><\/p>\n<p><span style=\"font-family: 'times new roman', times, serif; font-size: 14pt; color: #0000ff;\"><a style=\"color: #0000ff;\" href=\"https:\/\/sp2.bedzin.pl\/wp-content\/uploads\/2025\/10\/Zal.-7-Rezygnacja-z-udzialu-w-projekcie-uczniowie-nauczyciele.pdf\">Za\u0142. 7 &#8211; Rezygnacja z udzia\u0142u w projekcie (uczniowie, nauczyciele)<\/a><\/span><\/p>\n<p><span style=\"font-family: 'times new roman', times, serif; font-size: 14pt; color: #0000ff;\"><a style=\"color: #0000ff;\" href=\"https:\/\/sp2.bedzin.pl\/wp-content\/uploads\/2025\/10\/REGULAMIN-REKRUTACJI-KANDYDATOW-DO-PROWADZENIA-ZAJEC-POZALEKCYJNYCHZ-UCZNIAMI-W-RAMACH-PROJEKTU-EduAkcja.docx\">REGULAMIN REKRUTACJI KANDYDAT\u00d3W DO PROWADZENIA ZAJ\u0118\u0106 POZALEKCYJNYCHZ UCZNIAMI W RAMACH PROJEKTU EduAkcja<\/a><\/span><\/p>\n","protected":false},"excerpt":{"rendered":"<p>DOST\u0118PNO\u015a\u0106 Info na stron\u0119 Regulamin rekrutacji i uczestnictwa w projekcie Index 2 Index 1 Wykaz form wsparcia &#8211; nauczyciele Wykaz form wsparcia Za\u0142. 1 &#8211; Formularz zg\u0142oszeniowy-uczni\u00f3w Za\u0142. 2 &#8211; Formularz zg\u0142oszeniowy-nauczycieli Za\u0142. 3 &#8211; Klauzula wyra\u017cenia zgody (uczniowie, nauczyciele) Za\u0142. 4 &#8211; Deklaracja uczestnictwa &#8211; uczni\u00f3w Za\u0142. 5 &#8211; [&hellip;]<\/p>\n","protected":false},"author":1,"featured_media":0,"parent":0,"menu_order":0,"comment_status":"closed","ping_status":"closed","template":"","meta":{"ngg_post_thumbnail":0,"footnotes":""},"class_list":["post-2337","page","type-page","status-publish","hentry"],"_links":{"self":[{"href":"https:\/\/sp2.bedzin.pl\/index.php?rest_route=\/wp\/v2\/pages\/2337","targetHints":{"allow":["GET"]}}],"collection":[{"href":"https:\/\/sp2.bedzin.pl\/index.php?rest_route=\/wp\/v2\/pages"}],"about":[{"href":"https:\/\/sp2.bedzin.pl\/index.php?rest_route=\/wp\/v2\/types\/page"}],"author":[{"embeddable":true,"href":"https:\/\/sp2.bedzin.pl\/index.php?rest_route=\/wp\/v2\/users\/1"}],"replies":[{"embeddable":true,"href":"https:\/\/sp2.bedzin.pl\/index.php?rest_route=%2Fwp%2Fv2%2Fcomments&post=2337"}],"version-history":[{"count":6,"href":"https:\/\/sp2.bedzin.pl\/index.php?rest_route=\/wp\/v2\/pages\/2337\/revisions"}],"predecessor-version":[{"id":2722,"href":"https:\/\/sp2.bedzin.pl\/index.php?rest_route=\/wp\/v2\/pages\/2337\/revisions\/2722"}],"wp:attachment":[{"href":"https:\/\/sp2.bedzin.pl\/index.php?rest_route=%2Fwp%2Fv2%2Fmedia&parent=2337"}],"curies":[{"name":"wp","href":"https:\/\/api.w.org\/{rel}","templated":true}]}}