{"id":2449,"date":"2025-11-07T20:58:09","date_gmt":"2025-11-07T20:58:09","guid":{"rendered":"https:\/\/sp2.bedzin.pl\/?page_id=2449"},"modified":"2025-11-08T01:21:35","modified_gmt":"2025-11-08T01:21:35","slug":"wolontariat-szkolny","status":"publish","type":"page","link":"https:\/\/sp2.bedzin.pl\/?page_id=2449","title":{"rendered":"Wolontariat szkolny"},"content":{"rendered":"<p style=\"text-align: center;\"><span style=\"color: #0000ff; font-size: 24pt;\"><strong><span style=\"font-family: 'times new roman', times, serif;\">Wolontariat szkolny w roku szkolnym 2025\/2026:<\/span><\/strong><\/span><br \/>\n<span style=\"font-family: 'times new roman', times, serif; font-size: 18pt;\">Opiekunowie: <strong>Pan Zbigniew G\u0105dek<\/strong><\/span><br \/>\n<span style=\"font-family: 'times new roman', times, serif; font-size: 18pt;\">&nbsp; &nbsp; &nbsp; &nbsp; &nbsp; &nbsp; &nbsp; &nbsp; &nbsp; &nbsp; &nbsp; &nbsp;<strong>Pani Karolina Siuda<\/strong><\/span><\/p>\n<p>&nbsp;<\/p>\n<p style=\"text-align: center;\"><span style=\"font-size: 18pt;\"><a href=\"https:\/\/sp2.bedzin.pl\/wp-content\/uploads\/2025\/11\/Zbiorki-organizowane-przez-wolontariat-szkolny-i-szkole-w-roku-szkolnym-2025_2026.pdf\"><span style=\"font-size: 14pt;\">Zbi\u00f3rki organizowane przez wolontariat szkolny i szko\u0142\u0119 w roku szkolnym 2025_2026<\/span><\/a><\/span><\/p>\n<p>&nbsp;<\/p>\n<p>&nbsp;<\/p>\n<p>&nbsp;<\/p>\n","protected":false},"excerpt":{"rendered":"<p>Wolontariat szkolny w roku szkolnym 2025\/2026: Opiekunowie: Pan Zbigniew G\u0105dek &nbsp; &nbsp; &nbsp; &nbsp; &nbsp; &nbsp; &nbsp; &nbsp; &nbsp; &nbsp; &nbsp; &nbsp;Pani Karolina Siuda &nbsp; Zbi\u00f3rki organizowane przez wolontariat szkolny i szko\u0142\u0119 w roku szkolnym 2025_2026 &nbsp; &nbsp; &nbsp;<\/p>\n","protected":false},"author":1,"featured_media":0,"parent":0,"menu_order":0,"comment_status":"closed","ping_status":"closed","template":"","meta":{"ngg_post_thumbnail":0,"footnotes":""},"class_list":["post-2449","page","type-page","status-publish","hentry"],"_links":{"self":[{"href":"https:\/\/sp2.bedzin.pl\/index.php?rest_route=\/wp\/v2\/pages\/2449","targetHints":{"allow":["GET"]}}],"collection":[{"href":"https:\/\/sp2.bedzin.pl\/index.php?rest_route=\/wp\/v2\/pages"}],"about":[{"href":"https:\/\/sp2.bedzin.pl\/index.php?rest_route=\/wp\/v2\/types\/page"}],"author":[{"embeddable":true,"href":"https:\/\/sp2.bedzin.pl\/index.php?rest_route=\/wp\/v2\/users\/1"}],"replies":[{"embeddable":true,"href":"https:\/\/sp2.bedzin.pl\/index.php?rest_route=%2Fwp%2Fv2%2Fcomments&post=2449"}],"version-history":[{"count":2,"href":"https:\/\/sp2.bedzin.pl\/index.php?rest_route=\/wp\/v2\/pages\/2449\/revisions"}],"predecessor-version":[{"id":2516,"href":"https:\/\/sp2.bedzin.pl\/index.php?rest_route=\/wp\/v2\/pages\/2449\/revisions\/2516"}],"wp:attachment":[{"href":"https:\/\/sp2.bedzin.pl\/index.php?rest_route=%2Fwp%2Fv2%2Fmedia&parent=2449"}],"curies":[{"name":"wp","href":"https:\/\/api.w.org\/{rel}","templated":true}]}}