{"id":2470,"date":"2025-11-07T21:41:49","date_gmt":"2025-11-07T21:41:49","guid":{"rendered":"https:\/\/sp2.bedzin.pl\/?page_id=2470"},"modified":"2025-11-08T01:19:15","modified_gmt":"2025-11-08T01:19:15","slug":"mlodziezowa-rada-miasta-bedzina","status":"publish","type":"page","link":"https:\/\/sp2.bedzin.pl\/?page_id=2470","title":{"rendered":"M\u0142odzie\u017cowa Rada Miasta B\u0119dzina"},"content":{"rendered":"<p><span style=\"font-size: 24pt;\"><strong><span style=\"font-family: 'times new roman', times, serif; color: #0000ff;\">M\u0142odzie\u017cowa Rada Miasta B\u0119dzina w roku szkolnym 2024\/2025 oraz w roku szkolnym 2025\/2026<\/span><\/strong><strong><span style=\"font-family: 'times new roman', times, serif; color: #0000ff;\">:<\/span><\/strong><\/span><\/p>\n<p><span style=\"font-family: 'times new roman', times, serif; font-size: 18pt;\">1. <\/span><span style=\"font-family: 'times new roman', times, serif; font-size: 18pt;\"><strong>Nadia Patyk<\/strong>; klasa 8b<\/span><\/p>\n<p><span style=\"font-family: 'times new roman', times, serif; font-size: 18pt;\">2. <strong>Maksymilian Witek<\/strong>; klasa 8a<\/span><\/p>\n","protected":false},"excerpt":{"rendered":"<p>M\u0142odzie\u017cowa Rada Miasta B\u0119dzina w roku szkolnym 2024\/2025 oraz w roku szkolnym 2025\/2026: 1. Nadia Patyk; klasa 8b 2. Maksymilian Witek; klasa 8a<\/p>\n","protected":false},"author":1,"featured_media":0,"parent":0,"menu_order":0,"comment_status":"closed","ping_status":"closed","template":"","meta":{"ngg_post_thumbnail":0,"footnotes":""},"class_list":["post-2470","page","type-page","status-publish","hentry"],"_links":{"self":[{"href":"https:\/\/sp2.bedzin.pl\/index.php?rest_route=\/wp\/v2\/pages\/2470","targetHints":{"allow":["GET"]}}],"collection":[{"href":"https:\/\/sp2.bedzin.pl\/index.php?rest_route=\/wp\/v2\/pages"}],"about":[{"href":"https:\/\/sp2.bedzin.pl\/index.php?rest_route=\/wp\/v2\/types\/page"}],"author":[{"embeddable":true,"href":"https:\/\/sp2.bedzin.pl\/index.php?rest_route=\/wp\/v2\/users\/1"}],"replies":[{"embeddable":true,"href":"https:\/\/sp2.bedzin.pl\/index.php?rest_route=%2Fwp%2Fv2%2Fcomments&post=2470"}],"version-history":[{"count":3,"href":"https:\/\/sp2.bedzin.pl\/index.php?rest_route=\/wp\/v2\/pages\/2470\/revisions"}],"predecessor-version":[{"id":2514,"href":"https:\/\/sp2.bedzin.pl\/index.php?rest_route=\/wp\/v2\/pages\/2470\/revisions\/2514"}],"wp:attachment":[{"href":"https:\/\/sp2.bedzin.pl\/index.php?rest_route=%2Fwp%2Fv2%2Fmedia&parent=2470"}],"curies":[{"name":"wp","href":"https:\/\/api.w.org\/{rel}","templated":true}]}}

Młodzieżowa Rada Miasta Będzina

<p><span style="font-size: 24pt;"><strong><span style="font-family: 'times new roman', times, serif; color: #0000ff;">Młodzieżowa Rada Miasta Będzina w roku szkolnym 2024/2025 oraz w roku szkolnym 2025/2026</span></strong><strong><span style="font-family: 'times new roman', times, serif; color: #0000ff;">:</span></strong></span></p>
<p><span style="font-family: 'times new roman', times, serif; font-size: 18pt;">1. </span><span style="font-family: 'times new roman', times, serif; font-size: 18pt;"><strong>Nadia Patyk</strong>; klasa 8b</span></p>
<p><span style="font-family: 'times new roman', times, serif; font-size: 18pt;">2. <strong>Maksymilian Witek</strong>; klasa 8a</span></p>

<p>Młodzieżowa Rada Miasta Będzina w roku szkolnym 2024/2025 oraz w roku szkolnym 2025/2026: 1. Nadia Patyk; klasa 8b 2. Maksymilian Witek; klasa 8a</p>
