{"id":2497,"date":"2025-11-08T00:51:45","date_gmt":"2025-11-08T00:51:45","guid":{"rendered":"https:\/\/sp2.bedzin.pl\/?page_id=2497"},"modified":"2026-01-07T23:00:13","modified_gmt":"2026-01-07T23:00:13","slug":"kontakt-3","status":"publish","type":"page","link":"https:\/\/sp2.bedzin.pl\/?page_id=2497","title":{"rendered":"Adres szko\u0142y, kontakt"},"content":{"rendered":"<div><span style=\"font-family: 'times new roman', times, serif; font-size: 24pt; color: #0000ff;\"><b><span class=\"fs14 cf1\">Szko\u0142a Podstawowa nr 2 im. Kr\u00f3la Kazimierza Wielkiego<\/span><\/b><\/span><\/div>\n<div><span class=\"fs12\" style=\"font-family: 'times new roman', times, serif; font-size: 18pt;\">ul. Wolno\u015bci 51<\/span><\/div>\n<div><span class=\"fs12\" style=\"font-family: 'times new roman', times, serif; font-size: 18pt;\">42-500 B\u0119dzin<\/span><\/div>\n<div><span class=\"fs12\" style=\"font-family: 'times new roman', times, serif; font-size: 18pt;\">tel. (032) 267-38-36<\/span><\/div>\n<div>&nbsp;<\/div>\n<div><span class=\"fs12\" style=\"font-family: 'times new roman', times, serif; font-size: 18pt;\">e-mail: szkola@sp2.bedzin.pl<\/span><\/div>\n<div><span style=\"font-family: 'times new roman', times, serif; font-size: 18pt;\">skrzynka e-PUAP: \/SP2Bedzin\/SkrytkaESP<\/span><\/div>\n<div><span style=\"font-family: 'times new roman', times, serif; font-size: 18pt;\">adres do e-Dor\u0119cze\u0144: AE:PL-17524-19998-JRAJU-17&nbsp; &nbsp;&nbsp;<\/span><\/div>\n<div>&nbsp;<\/div>\n<div>&nbsp;<\/div>\n<div>\n<div><span style=\"color: #0000ff; font-size: 24pt;\"><strong><span style=\"font-family: 'times new roman', times, serif;\"><span class=\"fs16\">Sekretariat szko\u0142y<\/span><\/span><\/strong><\/span><\/div>\n<div><span style=\"color: #0000ff;\"><span class=\"fs14\" style=\"font-family: 'times new roman', times, serif; font-size: 18pt;\">Pani Agnieszka Grabowska<\/span><\/span><\/div>\n<div><span style=\"font-family: 'times new roman', times, serif; font-size: 18pt;\"><span class=\"fs12\">tel. (032) 267-38-36&nbsp;<\/span><b><span class=\"fs12\">wew. 31<\/span><\/b><\/span><\/div>\n<div><span style=\"font-size: 18pt;\"><span class=\"fs12\" style=\"font-family: 'times new roman', times, serif;\">godziny pracy: <\/span><span class=\"fs12\" style=\"font-family: 'times new roman', times, serif;\">poniedzia\u0142ek \u2013 pi\u0105tek 7:00 &#8211; 15:00<\/span><\/span><\/div>\n<\/div>\n<div>&nbsp;<\/div>\n<div>\n<div><span style=\"font-family: 'times new roman', times, serif; font-size: 24pt; color: #0000ff;\"><b><span class=\"fs16\">Kadry, ksi\u0119gowo\u015b\u0107<\/span><\/b><\/span><\/div>\n<div><span style=\"color: #0000ff;\"><span class=\"fs14\" style=\"font-family: 'times new roman', times, serif; font-size: 18pt;\">Pani Emilia Po\u0142omska<\/span><\/span><\/div>\n<div><span style=\"color: #0000ff;\"><span class=\"fs14\" style=\"font-family: 'times new roman', times, serif; font-size: 18pt;\">Pani Anna Sadowska<\/span><\/span><\/div>\n<div><span style=\"font-family: 'times new roman', times, serif; font-size: 18pt;\"><span class=\"fs12\">tel. (032) 267-38-36&nbsp;<\/span><b><span class=\"fs12\">wew. 42<\/span><\/b><\/span><\/div>\n<div><span style=\"font-size: 18pt;\"><span class=\"fs12\" style=\"font-family: 'times new roman', times, serif;\">godziny pracy: <\/span><span class=\"fs12\" style=\"font-family: 'times new roman', times, serif;\">poniedzia\u0142ek \u2013 pi\u0105tek 7:00 &#8211; 15:00<\/span><\/span><\/div>\n<div>&nbsp;<\/div>\n<div>&nbsp;<\/div>\n<div><span style=\"font-family: 'times new roman', times, serif; font-size: 24pt; color: #0000ff;\"><b><span class=\"fs16\">Gabinet profilaktyki i pomocy przedlekarskiej<\/span><\/b><\/span><\/div>\n<div><span class=\"fs14\" style=\"font-family: 'times new roman', times, serif; font-size: 18pt; color: #0000ff;\">Pani Renata Prochacka<\/span><\/div>\n<div><span style=\"font-family: 'times new roman', times, serif; font-size: 18pt;\"><span class=\"fs12\">tel. (032) 267-38-36&nbsp;<\/span><b><span class=\"fs12\">wew.37<\/span><\/b><\/span><\/div>\n<\/div>\n<div>&nbsp;<\/div>\n<div>&nbsp;<\/div>\n<div>\n<div><span style=\"font-family: 'times new roman', times, serif; font-size: 24pt; color: #0000ff;\"><b><span class=\"fs12\">Inspektor ds. Ochrony Danych<\/span><\/b><\/span><\/div>\n<div><span class=\"fs12\" style=\"font-family: 'times new roman', times, serif; font-size: 18pt;\">Osob\u0105 odpowiedzialn\u0105 za prawid\u0142owo\u015b\u0107 przetwarzania danych jest <span style=\"color: #0000ff;\">pan Marek Wo\u017aniak (wozniakmarek@op.pl).<\/span><\/span><\/div>\n<div><span style=\"font-family: 'times new roman', times, serif; font-size: 18pt;\"><b><span class=\"fs12 cf1\">Nowe wytyczne dotycz\u0105ce ochrony danych osobowych RODO<\/span><\/b><\/span><\/div>\n<\/div>\n","protected":false},"excerpt":{"rendered":"<p>Szko\u0142a Podstawowa nr 2 im. Kr\u00f3la Kazimierza Wielkiego ul. Wolno\u015bci 51 42-500 B\u0119dzin tel. (032) 267-38-36 &nbsp; e-mail: szkola@sp2.bedzin.pl skrzynka e-PUAP: \/SP2Bedzin\/SkrytkaESP adres do e-Dor\u0119cze\u0144: AE:PL-17524-19998-JRAJU-17&nbsp; &nbsp;&nbsp; &nbsp; &nbsp; Sekretariat szko\u0142y Pani Agnieszka Grabowska tel. (032) 267-38-36&nbsp;wew. 31 godziny pracy: poniedzia\u0142ek \u2013 pi\u0105tek 7:00 &#8211; 15:00 &nbsp; Kadry, ksi\u0119gowo\u015b\u0107 Pani [&hellip;]<\/p>\n","protected":false},"author":1,"featured_media":0,"parent":0,"menu_order":0,"comment_status":"closed","ping_status":"closed","template":"","meta":{"ngg_post_thumbnail":0,"footnotes":""},"class_list":["post-2497","page","type-page","status-publish","hentry"],"_links":{"self":[{"href":"https:\/\/sp2.bedzin.pl\/index.php?rest_route=\/wp\/v2\/pages\/2497","targetHints":{"allow":["GET"]}}],"collection":[{"href":"https:\/\/sp2.bedzin.pl\/index.php?rest_route=\/wp\/v2\/pages"}],"about":[{"href":"https:\/\/sp2.bedzin.pl\/index.php?rest_route=\/wp\/v2\/types\/page"}],"author":[{"embeddable":true,"href":"https:\/\/sp2.bedzin.pl\/index.php?rest_route=\/wp\/v2\/users\/1"}],"replies":[{"embeddable":true,"href":"https:\/\/sp2.bedzin.pl\/index.php?rest_route=%2Fwp%2Fv2%2Fcomments&post=2497"}],"version-history":[{"count":9,"href":"https:\/\/sp2.bedzin.pl\/index.php?rest_route=\/wp\/v2\/pages\/2497\/revisions"}],"predecessor-version":[{"id":2710,"href":"https:\/\/sp2.bedzin.pl\/index.php?rest_route=\/wp\/v2\/pages\/2497\/revisions\/2710"}],"wp:attachment":[{"href":"https:\/\/sp2.bedzin.pl\/index.php?rest_route=%2Fwp%2Fv2%2Fmedia&parent=2497"}],"curies":[{"name":"wp","href":"https:\/\/api.w.org\/{rel}","templated":true}]}}

Adres szkoły, kontakt

<div><span style="font-family: 'times new roman', times, serif; font-size: 24pt; color: #0000ff;"><b><span class="fs14 cf1">Szkoła Podstawowa nr 2 im. Króla Kazimierza Wielkiego</span></b></span></div>
<div><span class="fs12" style="font-family: 'times new roman', times, serif; font-size: 18pt;">ul. Wolności 51</span></div>
<div><span class="fs12" style="font-family: 'times new roman', times, serif; font-size: 18pt;">42-500 Będzin</span></div>
<div><span class="fs12" style="font-family: 'times new roman', times, serif; font-size: 18pt;">tel. (032) 267-38-36</span></div>
<div>&nbsp;</div>
<div><span class="fs12" style="font-family: 'times new roman', times, serif; font-size: 18pt;">e-mail: szkola@sp2.bedzin.pl</span></div>
<div><span style="font-family: 'times new roman', times, serif; font-size: 18pt;">skrzynka e-PUAP: /SP2Bedzin/SkrytkaESP</span></div>
<div><span style="font-family: 'times new roman', times, serif; font-size: 18pt;">adres do e-Doręczeń: AE:PL-17524-19998-JRAJU-17&nbsp; &nbsp;&nbsp;</span></div>
<div>&nbsp;</div>
<div>&nbsp;</div>
<div>
<div><span style="color: #0000ff; font-size: 24pt;"><strong><span style="font-family: 'times new roman', times, serif;"><span class="fs16">Sekretariat szkoły</span></span></strong></span></div>
<div><span style="color: #0000ff;"><span class="fs14" style="font-family: 'times new roman', times, serif; font-size: 18pt;">Pani Agnieszka Grabowska</span></span></div>
<div><span style="font-family: 'times new roman', times, serif; font-size: 18pt;"><span class="fs12">tel. (032) 267-38-36&nbsp;</span><b><span class="fs12">wew. 31</span></b></span></div>
<div><span style="font-size: 18pt;"><span class="fs12" style="font-family: 'times new roman', times, serif;">godziny pracy: </span><span class="fs12" style="font-family: 'times new roman', times, serif;">poniedziałek – piątek 7:00 &#8211; 15:00</span></span></div>
</div>
<div>&nbsp;</div>
<div>
<div><span style="font-family: 'times new roman', times, serif; font-size: 24pt; color: #0000ff;"><b><span class="fs16">Kadry, księgowość</span></b></span></div>
<div><span style="color: #0000ff;"><span class="fs14" style="font-family: 'times new roman', times, serif; font-size: 18pt;">Pani Emilia Połomska</span></span></div>
<div><span style="color: #0000ff;"><span class="fs14" style="font-family: 'times new roman', times, serif; font-size: 18pt;">Pani Anna Sadowska</span></span></div>
<div><span style="font-family: 'times new roman', times, serif; font-size: 18pt;"><span class="fs12">tel. (032) 267-38-36&nbsp;</span><b><span class="fs12">wew. 42</span></b></span></div>
<div><span style="font-size: 18pt;"><span class="fs12" style="font-family: 'times new roman', times, serif;">godziny pracy: </span><span class="fs12" style="font-family: 'times new roman', times, serif;">poniedziałek – piątek 7:00 &#8211; 15:00</span></span></div>
<div>&nbsp;</div>
<div>&nbsp;</div>
<div><span style="font-family: 'times new roman', times, serif; font-size: 24pt; color: #0000ff;"><b><span class="fs16">Gabinet profilaktyki i pomocy przedlekarskiej</span></b></span></div>
<div><span class="fs14" style="font-family: 'times new roman', times, serif; font-size: 18pt; color: #0000ff;">Pani Renata Prochacka</span></div>
<div><span style="font-family: 'times new roman', times, serif; font-size: 18pt;"><span class="fs12">tel. (032) 267-38-36&nbsp;</span><b><span class="fs12">wew.37</span></b></span></div>
</div>
<div>&nbsp;</div>
<div>&nbsp;</div>
<div>
<div><span style="font-family: 'times new roman', times, serif; font-size: 24pt; color: #0000ff;"><b><span class="fs12">Inspektor ds. Ochrony Danych</span></b></span></div>
<div><span class="fs12" style="font-family: 'times new roman', times, serif; font-size: 18pt;">Osobą odpowiedzialną za prawidłowość przetwarzania danych jest <span style="color: #0000ff;">pan Marek Woźniak (wozniakmarek@op.pl).</span></span></div>
<div><span style="font-family: 'times new roman', times, serif; font-size: 18pt;"><b><span class="fs12 cf1">Nowe wytyczne dotyczące ochrony danych osobowych RODO</span></b></span></div>
</div>

<p>Szkoła Podstawowa nr 2 im. Króla Kazimierza Wielkiego ul. Wolności 51 42-500 Będzin tel. (032) 267-38-36 &nbsp; e-mail: szkola@sp2.bedzin.pl skrzynka e-PUAP: /SP2Bedzin/SkrytkaESP adres do e-Doręczeń: AE:PL-17524-19998-JRAJU-17&nbsp; &nbsp;&nbsp; &nbsp; &nbsp; Sekretariat szkoły Pani Agnieszka Grabowska tel. (032) 267-38-36&nbsp;wew. 31 godziny pracy: poniedziałek – piątek 7:00 &#8211; 15:00 &nbsp; Kadry, księgowość Pani [&hellip;]</p>
