{"id":2500,"date":"2025-11-08T00:55:34","date_gmt":"2025-11-08T00:55:34","guid":{"rendered":"https:\/\/sp2.bedzin.pl\/?page_id=2500"},"modified":"2025-11-08T01:17:53","modified_gmt":"2025-11-08T01:17:53","slug":"dyrekcja-szkoly","status":"publish","type":"page","link":"https:\/\/sp2.bedzin.pl\/?page_id=2500","title":{"rendered":"Dyrekcja szko\u0142y"},"content":{"rendered":"<div><span style=\"font-size: 24pt;\"><strong><span style=\"font-family: 'times new roman', times, serif; color: #0000ff;\"><span class=\"fs16 cf1\">Dyrekcja Szko\u0142y Podstawowej nr 2<\/span><\/span><\/strong><\/span><\/div>\n<div><span style=\"font-size: 24pt;\"><strong><span style=\"font-family: 'times new roman', times, serif; color: #0000ff;\"><span class=\"fs16 cf1\">im. Kr\u00f3la Kazimierza Wielkiego w B\u0119dzinie<\/span><\/span><\/strong><\/span><\/div>\n<div>&nbsp;<\/div>\n<div><span class=\"fs14\" style=\"font-family: 'times new roman', times, serif; font-size: 18pt;\"><span style=\"color: #0000ff;\">mgr Iwona Latosi\u0144ska \u2013 Kukla<\/span> \u2013 dyrektor szko\u0142y<\/span><\/div>\n<div>&nbsp;<\/div>\n<div><span class=\"fs14\" style=\"font-family: 'times new roman', times, serif; font-size: 18pt;\"><span style=\"color: #0000ff;\">mgr Magdalena Truszkiewicz<\/span> \u2013 wicedyrektor szko\u0142y<\/span><\/div>\n<div>&nbsp;<\/div>\n<div><span class=\"fs14\" style=\"font-family: 'times new roman', times, serif; font-size: 18pt;\"><span style=\"color: #0000ff;\">mgr Aneta Radon<\/span> \u2013 wicedyrektor szko\u0142y<\/span><\/div>\n","protected":false},"excerpt":{"rendered":"<p>Dyrekcja Szko\u0142y Podstawowej nr 2 im. Kr\u00f3la Kazimierza Wielkiego w B\u0119dzinie &nbsp; mgr Iwona Latosi\u0144ska \u2013 Kukla \u2013 dyrektor szko\u0142y &nbsp; mgr Magdalena Truszkiewicz \u2013 wicedyrektor szko\u0142y &nbsp; mgr Aneta Radon \u2013 wicedyrektor szko\u0142y<\/p>\n","protected":false},"author":1,"featured_media":0,"parent":0,"menu_order":0,"comment_status":"closed","ping_status":"closed","template":"","meta":{"ngg_post_thumbnail":0,"footnotes":""},"class_list":["post-2500","page","type-page","status-publish","hentry"],"_links":{"self":[{"href":"https:\/\/sp2.bedzin.pl\/index.php?rest_route=\/wp\/v2\/pages\/2500","targetHints":{"allow":["GET"]}}],"collection":[{"href":"https:\/\/sp2.bedzin.pl\/index.php?rest_route=\/wp\/v2\/pages"}],"about":[{"href":"https:\/\/sp2.bedzin.pl\/index.php?rest_route=\/wp\/v2\/types\/page"}],"author":[{"embeddable":true,"href":"https:\/\/sp2.bedzin.pl\/index.php?rest_route=\/wp\/v2\/users\/1"}],"replies":[{"embeddable":true,"href":"https:\/\/sp2.bedzin.pl\/index.php?rest_route=%2Fwp%2Fv2%2Fcomments&post=2500"}],"version-history":[{"count":2,"href":"https:\/\/sp2.bedzin.pl\/index.php?rest_route=\/wp\/v2\/pages\/2500\/revisions"}],"predecessor-version":[{"id":2512,"href":"https:\/\/sp2.bedzin.pl\/index.php?rest_route=\/wp\/v2\/pages\/2500\/revisions\/2512"}],"wp:attachment":[{"href":"https:\/\/sp2.bedzin.pl\/index.php?rest_route=%2Fwp%2Fv2%2Fmedia&parent=2500"}],"curies":[{"name":"wp","href":"https:\/\/api.w.org\/{rel}","templated":true}]}}

Dyrekcja szkoły

<div><span style="font-size: 24pt;"><strong><span style="font-family: 'times new roman', times, serif; color: #0000ff;"><span class="fs16 cf1">Dyrekcja Szkoły Podstawowej nr 2</span></span></strong></span></div>
<div><span style="font-size: 24pt;"><strong><span style="font-family: 'times new roman', times, serif; color: #0000ff;"><span class="fs16 cf1">im. Króla Kazimierza Wielkiego w Będzinie</span></span></strong></span></div>
<div>&nbsp;</div>
<div><span class="fs14" style="font-family: 'times new roman', times, serif; font-size: 18pt;"><span style="color: #0000ff;">mgr Iwona Latosińska – Kukla</span> – dyrektor szkoły</span></div>
<div>&nbsp;</div>
<div><span class="fs14" style="font-family: 'times new roman', times, serif; font-size: 18pt;"><span style="color: #0000ff;">mgr Magdalena Truszkiewicz</span> – wicedyrektor szkoły</span></div>
<div>&nbsp;</div>
<div><span class="fs14" style="font-family: 'times new roman', times, serif; font-size: 18pt;"><span style="color: #0000ff;">mgr Aneta Radon</span> – wicedyrektor szkoły</span></div>

<p>Dyrekcja Szkoły Podstawowej nr 2 im. Króla Kazimierza Wielkiego w Będzinie &nbsp; mgr Iwona Latosińska – Kukla – dyrektor szkoły &nbsp; mgr Magdalena Truszkiewicz – wicedyrektor szkoły &nbsp; mgr Aneta Radon – wicedyrektor szkoły</p>
