{"id":2519,"date":"2025-11-08T01:31:36","date_gmt":"2025-11-08T01:31:36","guid":{"rendered":"https:\/\/sp2.bedzin.pl\/?page_id=2519"},"modified":"2025-11-08T01:52:53","modified_gmt":"2025-11-08T01:52:53","slug":"swietlica-szkolna-2","status":"publish","type":"page","link":"https:\/\/sp2.bedzin.pl\/?page_id=2519","title":{"rendered":"\u015awietlica szkolna"},"content":{"rendered":"<div id=\"imPageRow_1\" class=\"imPageRow\">\n<div id=\"imPageRowContent_1\" class=\"imContentDataContainer\">\n<div id=\"imGroup_2\" class=\"imHGroup\">\n<div id=\"imCell_1\" class=\"\">\n<div id=\"imCellStyle_1\">\n<div id=\"imTextObject_53_01\">\n<div id=\"imTextObject_53_01_tab0\" class=\"text-tab-content\">\n<div class=\"text-inner\">\n<div><strong><span style=\"font-size: 24pt; color: #0000ff;\">\u015awietlica szkolna:<\/span><\/strong><\/div>\n<div>\n<div><span style=\"font-family: 'times new roman', times, serif; font-size: 18pt; color: #000000;\"><span class=\"fs12 cf2\">tel. (032) 267-38-36&nbsp;<\/span><b><span class=\"fs12 cf2\">wew. 35<\/span><\/b><\/span><\/div>\n<div><span style=\"font-family: 'times new roman', times, serif; font-size: 18pt; color: #000000;\"><span class=\"fs12 cf2\">godziny pracy \u015bwietlicy szkolnej: <\/span><b><span class=\"fs12 cf2\">7:00 &#8211; 17:00<\/span><\/b><\/span><\/div>\n<\/div>\n<\/div>\n<\/div>\n<div>&nbsp;<\/div>\n<div id=\"imTextObject_53_01_tab0\" class=\"text-tab-content\">\n<div class=\"text-inner\">\n<div><strong><span style=\"font-size: 24pt;\"><span style=\"font-family: 'times new roman', times, serif; color: #0000ff;\"><span class=\"fs14 cf2\">Wychowawcy w \u015bwietlicy szkolnej:<\/span><\/span><\/span><\/strong><\/div>\n<div><span class=\"fs14 cf2\" style=\"font-family: 'times new roman', times, serif; font-size: 18pt; color: #000000;\">Pani Monika Baran<\/span><\/div>\n<div><span style=\"font-size: 18pt; font-family: 'times new roman', times, serif; color: #000000;\">Pani Beata Stefa\u0144ska<\/span><\/div>\n<div><span class=\"fs14 cf2\" style=\"font-family: 'times new roman', times, serif; font-size: 18pt; color: #000000;\">Pani Miros\u0142awa Urgacz<\/span><\/div>\n<div><span style=\"font-size: 18pt; font-family: 'times new roman', times, serif; color: #000000;\">Pani Jolanta Majchrzak<\/span><\/div>\n<div><span class=\"fs14 cf2\" style=\"font-family: 'times new roman', times, serif; font-size: 18pt; color: #000000;\">Pani Ewa Suszy\u0144ska<\/span><\/div>\n<div><span style=\"font-size: 18pt; font-family: 'times new roman', times, serif; color: #000000;\">Pani Anna Schackemy<\/span><\/div>\n<div><span class=\"fs14 cf2\" style=\"font-family: 'times new roman', times, serif; font-size: 18pt; color: #000000;\">Pani Dominika Piznal<\/span><\/div>\n<div><span style=\"font-size: 18pt; color: #000000;\">Pani Miros\u0142awa Dzienia<\/span><\/div>\n<\/div>\n<\/div>\n<div><img fetchpriority=\"high\" decoding=\"async\" class=\"alignnone wp-image-2532\" src=\"https:\/\/sp2.bedzin.pl\/wp-content\/uploads\/2025\/11\/swietlica-1-300x225.jpg\" alt=\"\" width=\"755\" height=\"566\" srcset=\"https:\/\/sp2.bedzin.pl\/wp-content\/uploads\/2025\/11\/swietlica-1-300x225.jpg 300w, https:\/\/sp2.bedzin.pl\/wp-content\/uploads\/2025\/11\/swietlica-1-768x576.jpg 768w, https:\/\/sp2.bedzin.pl\/wp-content\/uploads\/2025\/11\/swietlica-1.jpg 824w\" sizes=\"(max-width: 755px) 100vw, 755px\" \/><\/div>\n<div id=\"imTextObject_53_01_tab0\" class=\"text-tab-content\">\n<div class=\"text-inner\">\n<div>&nbsp;<\/div>\n<div>&nbsp;<\/div>\n<div>&nbsp;<\/div>\n<div>&nbsp;<\/div>\n<div>&nbsp;<\/div>\n<div>&nbsp;<\/div>\n<div>&nbsp;<\/div>\n<div>&nbsp;<\/div>\n<div>&nbsp;<\/div>\n<\/div>\n<\/div>\n<\/div>\n<\/div>\n<\/div>\n<div id=\"imCell_3\" class=\"\">\n<div id=\"imCellStyleGraphics_3\">&nbsp;<\/div>\n<div id=\"imCellStyle_3\"><img decoding=\"async\" id=\"imObjectImage_53_03\" title=\"\" src=\"http:\/\/archiwum.sp2.bedzin.pl\/images\/swietlica.png\" alt=\"\"><\/div>\n<\/div>\n<\/div>\n<\/div>\n<\/div>\n<div id=\"imPageRow_2\" class=\"imPageRow\">\n<div id=\"imPageRowContent_2\" class=\"imContentDataContainer\">\n<div id=\"imCell_2\" class=\"\">\n<div id=\"imCellStyleGraphics_2\">&nbsp;<\/div>\n<div id=\"imCellStyle_2\">\n<div id=\"imTextObject_53_02\">\n<div id=\"imTextObject_53_02_tab0\" class=\"text-tab-content\">\n<div class=\"text-inner\">\n<div>\n<div><span class=\"fs12\"><a class=\"imCssLink\" href=\"http:\/\/archiwum.sp2.bedzin.pl\/files\/REGULAMIN-PRACY--WIETLICY-SZKOLNEJ-PRZY-SZKOLE-PODSTAWOWEJ-NR-353.pdf\" target=\"_blank\" rel=\"noopener\">REGULAMIN \u015aWIETLICY W SZKOLE PODSTAWOWEJ NR 2<\/a><\/span><\/div>\n<div><span class=\"fs12\"><a class=\"imCssLink\" href=\"http:\/\/archiwum.sp2.bedzin.pl\/files\/REGULAMIN-PRACY--WIETLICY-SZKOLNEJ-PRZY-SZKOLE-PODSTAWOWEJ-NR-353.pdf\" target=\"_blank\" rel=\"noopener\">IM. KROLA KAZIMIERZA WIELKIEGO W B\u0118DZINIE<\/a><\/span><\/div>\n<\/div>\n<\/div>\n<\/div>\n<\/div>\n<\/div>\n<\/div>\n<\/div>\n<\/div>\n","protected":false},"excerpt":{"rendered":"<p>\u015awietlica szkolna: tel. (032) 267-38-36&nbsp;wew. 35 godziny pracy \u015bwietlicy szkolnej: 7:00 &#8211; 17:00 &nbsp; Wychowawcy w \u015bwietlicy szkolnej: Pani Monika Baran Pani Beata Stefa\u0144ska Pani Miros\u0142awa Urgacz Pani Jolanta Majchrzak Pani Ewa Suszy\u0144ska Pani Anna Schackemy Pani Dominika Piznal Pani Miros\u0142awa Dzienia &nbsp; &nbsp; &nbsp; &nbsp; &nbsp; &nbsp; &nbsp; &nbsp; [&hellip;]<\/p>\n","protected":false},"author":1,"featured_media":0,"parent":0,"menu_order":0,"comment_status":"closed","ping_status":"closed","template":"","meta":{"ngg_post_thumbnail":0,"footnotes":""},"class_list":["post-2519","page","type-page","status-publish","hentry"],"_links":{"self":[{"href":"https:\/\/sp2.bedzin.pl\/index.php?rest_route=\/wp\/v2\/pages\/2519","targetHints":{"allow":["GET"]}}],"collection":[{"href":"https:\/\/sp2.bedzin.pl\/index.php?rest_route=\/wp\/v2\/pages"}],"about":[{"href":"https:\/\/sp2.bedzin.pl\/index.php?rest_route=\/wp\/v2\/types\/page"}],"author":[{"embeddable":true,"href":"https:\/\/sp2.bedzin.pl\/index.php?rest_route=\/wp\/v2\/users\/1"}],"replies":[{"embeddable":true,"href":"https:\/\/sp2.bedzin.pl\/index.php?rest_route=%2Fwp%2Fv2%2Fcomments&post=2519"}],"version-history":[{"count":3,"href":"https:\/\/sp2.bedzin.pl\/index.php?rest_route=\/wp\/v2\/pages\/2519\/revisions"}],"predecessor-version":[{"id":2533,"href":"https:\/\/sp2.bedzin.pl\/index.php?rest_route=\/wp\/v2\/pages\/2519\/revisions\/2533"}],"wp:attachment":[{"href":"https:\/\/sp2.bedzin.pl\/index.php?rest_route=%2Fwp%2Fv2%2Fmedia&parent=2519"}],"curies":[{"name":"wp","href":"https:\/\/api.w.org\/{rel}","templated":true}]}}