{"id":2728,"date":"2026-01-30T19:41:34","date_gmt":"2026-01-30T19:41:34","guid":{"rendered":"https:\/\/sp2.bedzin.pl\/?page_id=2728"},"modified":"2026-01-30T19:51:09","modified_gmt":"2026-01-30T19:51:09","slug":"polkolonie","status":"publish","type":"page","link":"https:\/\/sp2.bedzin.pl\/?page_id=2728","title":{"rendered":"P\u00f3\u0142kolonie"},"content":{"rendered":"<p><img fetchpriority=\"high\" decoding=\"async\" class=\"alignnone wp-image-2738\" src=\"https:\/\/sp2.bedzin.pl\/wp-content\/uploads\/2026\/01\/615390430_1302374435032714_5062373148994002699_n-212x300.jpg\" alt=\"\" width=\"604\" height=\"854\" srcset=\"https:\/\/sp2.bedzin.pl\/wp-content\/uploads\/2026\/01\/615390430_1302374435032714_5062373148994002699_n-212x300.jpg 212w, https:\/\/sp2.bedzin.pl\/wp-content\/uploads\/2026\/01\/615390430_1302374435032714_5062373148994002699_n-723x1024.jpg 723w, https:\/\/sp2.bedzin.pl\/wp-content\/uploads\/2026\/01\/615390430_1302374435032714_5062373148994002699_n-768x1087.jpg 768w, https:\/\/sp2.bedzin.pl\/wp-content\/uploads\/2026\/01\/615390430_1302374435032714_5062373148994002699_n-1085x1536.jpg 1085w, https:\/\/sp2.bedzin.pl\/wp-content\/uploads\/2026\/01\/615390430_1302374435032714_5062373148994002699_n.jpg 1130w\" sizes=\"(max-width: 604px) 100vw, 604px\" \/><\/p>\n<p>&nbsp;<\/p>\n<p><a href=\"https:\/\/sp2.bedzin.pl\/wp-content\/uploads\/2026\/01\/2.-Regulamin-polkolonii-02_2026.pdf\">1. Regulamin p\u00f3\u0142kolonii 02_2026<\/a><\/p>\n<p><a href=\"https:\/\/sp2.bedzin.pl\/wp-content\/uploads\/2026\/01\/3.-Zalaczniki-do-regulaminu-Polkolonie-02_2025.pdf\">2. Za\u0142\u0105czniki do regulaminu &#8211; P\u00f3\u0142kolonie 02_2025<\/a><\/p>\n<p>&nbsp;<\/p>\n","protected":false},"excerpt":{"rendered":"<p>&nbsp; 1. Regulamin p\u00f3\u0142kolonii 02_2026 2. Za\u0142\u0105czniki do regulaminu &#8211; P\u00f3\u0142kolonie 02_2025 &nbsp;<\/p>\n","protected":false},"author":2,"featured_media":0,"parent":0,"menu_order":0,"comment_status":"closed","ping_status":"closed","template":"","meta":{"ngg_post_thumbnail":0,"footnotes":""},"class_list":["post-2728","page","type-page","status-publish","hentry"],"_links":{"self":[{"href":"https:\/\/sp2.bedzin.pl\/index.php?rest_route=\/wp\/v2\/pages\/2728","targetHints":{"allow":["GET"]}}],"collection":[{"href":"https:\/\/sp2.bedzin.pl\/index.php?rest_route=\/wp\/v2\/pages"}],"about":[{"href":"https:\/\/sp2.bedzin.pl\/index.php?rest_route=\/wp\/v2\/types\/page"}],"author":[{"embeddable":true,"href":"https:\/\/sp2.bedzin.pl\/index.php?rest_route=\/wp\/v2\/users\/2"}],"replies":[{"embeddable":true,"href":"https:\/\/sp2.bedzin.pl\/index.php?rest_route=%2Fwp%2Fv2%2Fcomments&post=2728"}],"version-history":[{"count":6,"href":"https:\/\/sp2.bedzin.pl\/index.php?rest_route=\/wp\/v2\/pages\/2728\/revisions"}],"predecessor-version":[{"id":2743,"href":"https:\/\/sp2.bedzin.pl\/index.php?rest_route=\/wp\/v2\/pages\/2728\/revisions\/2743"}],"wp:attachment":[{"href":"https:\/\/sp2.bedzin.pl\/index.php?rest_route=%2Fwp%2Fv2%2Fmedia&parent=2728"}],"curies":[{"name":"wp","href":"https:\/\/api.w.org\/{rel}","templated":true}]}}