{"id":2776,"date":"2026-02-27T12:34:46","date_gmt":"2026-02-27T12:34:46","guid":{"rendered":"https:\/\/sp2.bedzin.pl\/?page_id=2776"},"modified":"2026-02-27T13:02:56","modified_gmt":"2026-02-27T13:02:56","slug":"osrodek-srodowiskowej-opieki-psychologicznej-i-psychoterapeutycznej-dla-dzieci-i-mlodziezy-w-bedzinie-w-ramach-nfz","status":"publish","type":"page","link":"https:\/\/sp2.bedzin.pl\/?page_id=2776","title":{"rendered":"O\u015brodek \u015arodowiskowej Opieki Psychologicznej i Psychoterapeutycznej dla Dzieci i M\u0142odzie\u017cy w B\u0119dzinie w ramach NFZ"},"content":{"rendered":"<p><a href=\"https:\/\/sp2.bedzin.pl\/wp-content\/uploads\/2026\/02\/Osrodek-Bedzin.pdf\">O\u015brodek B\u0119dzin<\/a><\/p>\n<p><a href=\"https:\/\/sp2.bedzin.pl\/wp-content\/uploads\/2026\/02\/informacja-o-dzialalnosci.pdf\">Informacja o dzia\u0142alno\u015bci<\/a><\/p>\n","protected":false},"excerpt":{"rendered":"<p>O\u015brodek B\u0119dzin Informacja o dzia\u0142alno\u015bci<\/p>\n","protected":false},"author":2,"featured_media":0,"parent":0,"menu_order":0,"comment_status":"closed","ping_status":"closed","template":"","meta":{"ngg_post_thumbnail":0,"footnotes":""},"class_list":["post-2776","page","type-page","status-publish","hentry"],"_links":{"self":[{"href":"https:\/\/sp2.bedzin.pl\/index.php?rest_route=\/wp\/v2\/pages\/2776","targetHints":{"allow":["GET"]}}],"collection":[{"href":"https:\/\/sp2.bedzin.pl\/index.php?rest_route=\/wp\/v2\/pages"}],"about":[{"href":"https:\/\/sp2.bedzin.pl\/index.php?rest_route=\/wp\/v2\/types\/page"}],"author":[{"embeddable":true,"href":"https:\/\/sp2.bedzin.pl\/index.php?rest_route=\/wp\/v2\/users\/2"}],"replies":[{"embeddable":true,"href":"https:\/\/sp2.bedzin.pl\/index.php?rest_route=%2Fwp%2Fv2%2Fcomments&post=2776"}],"version-history":[{"count":2,"href":"https:\/\/sp2.bedzin.pl\/index.php?rest_route=\/wp\/v2\/pages\/2776\/revisions"}],"predecessor-version":[{"id":2787,"href":"https:\/\/sp2.bedzin.pl\/index.php?rest_route=\/wp\/v2\/pages\/2776\/revisions\/2787"}],"wp:attachment":[{"href":"https:\/\/sp2.bedzin.pl\/index.php?rest_route=%2Fwp%2Fv2%2Fmedia&parent=2776"}],"curies":[{"name":"wp","href":"https:\/\/api.w.org\/{rel}","templated":true}]}}