{"id":2788,"date":"2026-03-03T21:25:46","date_gmt":"2026-03-03T21:25:46","guid":{"rendered":"https:\/\/sp2.bedzin.pl\/?page_id=2788"},"modified":"2026-03-06T15:29:18","modified_gmt":"2026-03-06T15:29:18","slug":"dzien-otwarty-2","status":"publish","type":"page","link":"https:\/\/sp2.bedzin.pl\/?page_id=2788","title":{"rendered":"Dzie\u0144 otwarty"},"content":{"rendered":"<p><span style=\"font-size: 24pt;\"><strong><span style=\"color: #0000ff;\">Szanowni Pa\u0144stwo,<\/span><\/strong><\/span><\/p>\n<p><span style=\"font-size: 24pt;\"><strong><span style=\"color: #0000ff;\">ze wzgl\u0119d\u00f3w organizacyjnych dzie\u0144 otwarty w naszej szkole odb\u0119dzie si\u0119<\/span><\/strong><\/span><\/p>\n<p>&nbsp;<\/p>\n<p><strong><span style=\"font-size: 24pt; color: #0000ff;\"><span style=\"color: #ff0000;\">31 marca 2026r.<\/span> (wtorek), godzina 16.00<\/span><\/strong><\/p>\n<p>&nbsp;<\/p>\n<p>&nbsp;<\/p>\n<p><strong><span style=\"font-size: 24pt; color: #0000ff;\">Przepraszamy za zmian\u0119 terminu.<\/span><\/strong><\/p>\n<p><strong><span style=\"font-size: 24pt; color: #0000ff;\">Serdecznie zapraszamy na dzie\u0144 otwarty.<\/span><\/strong><\/p>\n<p>&nbsp;<\/p>\n<p>&nbsp;<\/p>\n<p>&nbsp;<\/p>\n","protected":false},"excerpt":{"rendered":"<p>Szanowni Pa\u0144stwo, ze wzgl\u0119d\u00f3w organizacyjnych dzie\u0144 otwarty w naszej szkole odb\u0119dzie si\u0119 &nbsp; 31 marca 2026r. (wtorek), godzina 16.00 &nbsp; &nbsp; Przepraszamy za zmian\u0119 terminu. Serdecznie zapraszamy na dzie\u0144 otwarty. &nbsp; &nbsp; &nbsp;<\/p>\n","protected":false},"author":2,"featured_media":0,"parent":0,"menu_order":0,"comment_status":"closed","ping_status":"closed","template":"","meta":{"ngg_post_thumbnail":0,"footnotes":""},"class_list":["post-2788","page","type-page","status-publish","hentry"],"_links":{"self":[{"href":"https:\/\/sp2.bedzin.pl\/index.php?rest_route=\/wp\/v2\/pages\/2788","targetHints":{"allow":["GET"]}}],"collection":[{"href":"https:\/\/sp2.bedzin.pl\/index.php?rest_route=\/wp\/v2\/pages"}],"about":[{"href":"https:\/\/sp2.bedzin.pl\/index.php?rest_route=\/wp\/v2\/types\/page"}],"author":[{"embeddable":true,"href":"https:\/\/sp2.bedzin.pl\/index.php?rest_route=\/wp\/v2\/users\/2"}],"replies":[{"embeddable":true,"href":"https:\/\/sp2.bedzin.pl\/index.php?rest_route=%2Fwp%2Fv2%2Fcomments&post=2788"}],"version-history":[{"count":7,"href":"https:\/\/sp2.bedzin.pl\/index.php?rest_route=\/wp\/v2\/pages\/2788\/revisions"}],"predecessor-version":[{"id":2800,"href":"https:\/\/sp2.bedzin.pl\/index.php?rest_route=\/wp\/v2\/pages\/2788\/revisions\/2800"}],"wp:attachment":[{"href":"https:\/\/sp2.bedzin.pl\/index.php?rest_route=%2Fwp%2Fv2%2Fmedia&parent=2788"}],"curies":[{"name":"wp","href":"https:\/\/api.w.org\/{rel}","templated":true}]}}