{"id":2830,"date":"2026-04-15T10:51:12","date_gmt":"2026-04-15T10:51:12","guid":{"rendered":"https:\/\/sp2.bedzin.pl\/?page_id=2830"},"modified":"2026-04-15T10:51:12","modified_gmt":"2026-04-15T10:51:12","slug":"ankiety","status":"publish","type":"page","link":"https:\/\/sp2.bedzin.pl\/?page_id=2830","title":{"rendered":"Ankiety"},"content":{"rendered":"<p><img fetchpriority=\"high\" decoding=\"async\" class=\"alignnone size-medium wp-image-2831\" src=\"https:\/\/sp2.bedzin.pl\/wp-content\/uploads\/2026\/04\/1-ankieta-300x200.jpg\" alt=\"\" width=\"300\" height=\"200\" srcset=\"https:\/\/sp2.bedzin.pl\/wp-content\/uploads\/2026\/04\/1-ankieta-300x200.jpg 300w, https:\/\/sp2.bedzin.pl\/wp-content\/uploads\/2026\/04\/1-ankieta-1024x683.jpg 1024w, https:\/\/sp2.bedzin.pl\/wp-content\/uploads\/2026\/04\/1-ankieta-768x512.jpg 768w, https:\/\/sp2.bedzin.pl\/wp-content\/uploads\/2026\/04\/1-ankieta-1536x1024.jpg 1536w, https:\/\/sp2.bedzin.pl\/wp-content\/uploads\/2026\/04\/1-ankieta-2048x1366.jpg 2048w\" sizes=\"(max-width: 300px) 100vw, 300px\" \/><\/p>\n<p><strong>Drodzy Mieszka\u0144cy!<\/strong><\/p>\n<p>Chcecie, aby w naszym mie\u015bcie powsta\u0142y Lokalne O\u015brodki Wiedzy i Edukacji, gdzie b\u0119dzie mo\u017cna si\u0119 rozwija\u0107, zdobywa\u0107 nowe umiej\u0119tno\u015bci i certyfikaty?<\/p>\n<p>Wype\u0142nijcie kr\u00f3tk\u0105 ankiet\u0119 i miejcie realny wp\u0142yw na rozw\u00f3j edukacji w B\u0119dzinie!<\/p>\n<p>link do ankiety:&nbsp;<a href=\"https:\/\/docs.google.com\/forms\/d\/e\/1FAIpQLSdvu48zkVbRgacE2kQMxoteWi_1x3KPSB_55Gy39-S2ED_pcQ\/viewform\" target=\"_blank\" rel=\"noopener\">https:\/\/docs.google.com\/forms\/d\/e\/1FAIpQLSdvu48zkVbRgacE2kQMxoteWi_1x3KPSB_55Gy39-S2ED_pcQ\/viewform<\/a><\/p>\n<p>&nbsp;<\/p>\n","protected":false},"excerpt":{"rendered":"<p>Drodzy Mieszka\u0144cy! Chcecie, aby w naszym mie\u015bcie powsta\u0142y Lokalne O\u015brodki Wiedzy i Edukacji, gdzie b\u0119dzie mo\u017cna si\u0119 rozwija\u0107, zdobywa\u0107 nowe umiej\u0119tno\u015bci i certyfikaty? Wype\u0142nijcie kr\u00f3tk\u0105 ankiet\u0119 i miejcie realny wp\u0142yw na rozw\u00f3j edukacji w B\u0119dzinie! link do ankiety:&nbsp;https:\/\/docs.google.com\/forms\/d\/e\/1FAIpQLSdvu48zkVbRgacE2kQMxoteWi_1x3KPSB_55Gy39-S2ED_pcQ\/viewform &nbsp;<\/p>\n","protected":false},"author":2,"featured_media":0,"parent":0,"menu_order":0,"comment_status":"closed","ping_status":"closed","template":"","meta":{"ngg_post_thumbnail":0,"footnotes":""},"class_list":["post-2830","page","type-page","status-publish","hentry"],"_links":{"self":[{"href":"https:\/\/sp2.bedzin.pl\/index.php?rest_route=\/wp\/v2\/pages\/2830","targetHints":{"allow":["GET"]}}],"collection":[{"href":"https:\/\/sp2.bedzin.pl\/index.php?rest_route=\/wp\/v2\/pages"}],"about":[{"href":"https:\/\/sp2.bedzin.pl\/index.php?rest_route=\/wp\/v2\/types\/page"}],"author":[{"embeddable":true,"href":"https:\/\/sp2.bedzin.pl\/index.php?rest_route=\/wp\/v2\/users\/2"}],"replies":[{"embeddable":true,"href":"https:\/\/sp2.bedzin.pl\/index.php?rest_route=%2Fwp%2Fv2%2Fcomments&post=2830"}],"version-history":[{"count":1,"href":"https:\/\/sp2.bedzin.pl\/index.php?rest_route=\/wp\/v2\/pages\/2830\/revisions"}],"predecessor-version":[{"id":2832,"href":"https:\/\/sp2.bedzin.pl\/index.php?rest_route=\/wp\/v2\/pages\/2830\/revisions\/2832"}],"wp:attachment":[{"href":"https:\/\/sp2.bedzin.pl\/index.php?rest_route=%2Fwp%2Fv2%2Fmedia&parent=2830"}],"curies":[{"name":"wp","href":"https:\/\/api.w.org\/{rel}","templated":true}]}}